CRAN Package Check Results for Package pedometrics

Last updated on 2019-09-22 09:47:10 CEST.

Flavor Version Tinstall Tcheck Ttotal Status Flags
r-devel-linux-x86_64-debian-clang 0.6-6 15.45 43.14 58.59 OK
r-devel-linux-x86_64-debian-gcc 0.6-6 11.79 33.97 45.76 OK
r-devel-linux-x86_64-fedora-clang 0.6-6 79.28 NOTE
r-devel-linux-x86_64-fedora-gcc 0.6-6 75.85 NOTE
r-devel-windows-ix86+x86_64 0.6-6 45.00 113.00 158.00 OK
r-patched-linux-x86_64 0.6-6 13.93 42.15 56.08 OK
r-patched-solaris-x86 0.6-6 94.70 OK
r-release-linux-x86_64 0.6-6 12.59 42.62 55.21 OK
r-release-windows-ix86+x86_64 0.6-6 34.00 89.00 123.00 OK
r-release-osx-x86_64 0.6-6 OK
r-oldrel-windows-ix86+x86_64 0.6-6 24.00 79.00 103.00 OK
r-oldrel-osx-x86_64 0.6-6 OK

Check Details

Version: 0.6-6
Check: compiled code
Result: NOTE
    File ‘pedometrics/libs/pedometrics.so’:
     Found no calls to: ‘R_registerRoutines’, ‘R_useDynamicSymbols’
    
    It is good practice to register native routines and to disable symbol
    search.
    
    See ‘Writing portable packages’ in the ‘Writing R Extensions’ manual.
Flavors: r-devel-linux-x86_64-fedora-clang, r-devel-linux-x86_64-fedora-gcc