CRAN Package Check Results for Package pedometrics

Last updated on 2020-07-10 11:47:49 CEST.

Flavor Version Tinstall Tcheck Ttotal Status Flags
r-devel-linux-x86_64-debian-clang 0.7.0 22.15 48.81 70.96 OK
r-devel-linux-x86_64-debian-gcc 0.7.0 15.05 39.29 54.34 OK
r-devel-linux-x86_64-fedora-clang 0.7.0 96.62 NOTE
r-devel-linux-x86_64-fedora-gcc 0.7.0 81.84 OK
r-devel-windows-ix86+x86_64 0.7.0 37.00 100.00 137.00 OK
r-patched-linux-x86_64 0.7.0 14.21 48.89 63.10 OK
r-patched-solaris-x86 0.7.0 104.70 OK
r-release-linux-x86_64 0.7.0 15.16 48.36 63.52 OK
r-release-osx-x86_64 0.7.0 OK
r-release-windows-ix86+x86_64 0.7.0 43.00 91.00 134.00 OK
r-oldrel-osx-x86_64 0.7.0 NOTE
r-oldrel-windows-ix86+x86_64 0.7.0 48.00 88.00 136.00 OK

Check Details

Version: 0.7.0
Check: Rd cross-references
Result: NOTE
    Undeclared packages ‘Hmisc’, ‘vcd’, ‘VecStatGraphs2D’, ‘mvtsplot’, ‘matrixStats’, ‘RandomFields’, ‘automap’, ‘spsann’ in Rd xrefs
Flavor: r-devel-linux-x86_64-fedora-clang

Version: 0.7.0
Check: dependencies in R code
Result: NOTE
    No protocol specified
    No protocol specified
Flavor: r-oldrel-osx-x86_64