CRAN Package Check Results for Package pgirmess

Last updated on 2020-07-11 13:50:18 CEST.

Flavor Version Tinstall Tcheck Ttotal Status Flags
r-devel-linux-x86_64-debian-clang 1.6.9 17.98 161.22 179.20 NOTE
r-devel-linux-x86_64-debian-gcc 1.6.9 14.06 124.58 138.64 NOTE
r-devel-linux-x86_64-fedora-gcc 1.6.9 209.33 NOTE
r-devel-windows-ix86+x86_64 1.6.9 42.00 260.00 302.00 OK
r-patched-linux-x86_64 1.6.9 15.52 154.68 170.20 NOTE
r-patched-solaris-x86 1.6.9 305.70 NOTE
r-release-linux-x86_64 1.6.9 17.22 154.71 171.93 NOTE
r-release-osx-x86_64 1.6.9 OK
r-release-windows-ix86+x86_64 1.6.9 39.00 186.00 225.00 OK
r-oldrel-osx-x86_64 1.6.9 OK
r-oldrel-windows-ix86+x86_64 1.6.9 52.00 182.00 234.00 OK

Check Details

Version: 1.6.9
Check: for non-standard things in the check directory
Result: NOTE
    Found the following files/directories:
     'Myfile.txt'
Flavors: r-devel-linux-x86_64-debian-clang, r-devel-linux-x86_64-debian-gcc, r-devel-linux-x86_64-fedora-gcc, r-patched-linux-x86_64, r-patched-solaris-x86, r-release-linux-x86_64