CRAN Package Check Results for Package pgirmess

Last updated on 2019-10-22 13:46:26 CEST.

Flavor Version Tinstall Tcheck Ttotal Status Flags
r-devel-linux-x86_64-debian-clang 1.6.9 10.36 100.12 110.48 NOTE
r-devel-linux-x86_64-debian-gcc 1.6.9 10.70 80.28 90.98 NOTE
r-devel-linux-x86_64-fedora-clang 1.6.9 136.87 NOTE
r-devel-linux-x86_64-fedora-gcc 1.6.9 133.84 NOTE
r-devel-windows-ix86+x86_64 1.6.9 30.00 188.00 218.00 OK
r-patched-linux-x86_64 1.6.9 10.27 101.16 111.43 OK
r-patched-solaris-x86 1.6.9 207.30 OK
r-release-linux-x86_64 1.6.9 11.29 100.31 111.60 OK
r-release-windows-ix86+x86_64 1.6.9 42.00 188.00 230.00 OK
r-release-osx-x86_64 1.6.9 OK
r-oldrel-windows-ix86+x86_64 1.6.9 24.00 168.00 192.00 OK
r-oldrel-osx-x86_64 1.6.9 OK

Check Details

Version: 1.6.9
Check: for non-standard things in the check directory
Result: NOTE
    Found the following files/directories:
     'Myfile.txt'
Flavors: r-devel-linux-x86_64-debian-clang, r-devel-linux-x86_64-debian-gcc, r-devel-linux-x86_64-fedora-clang, r-devel-linux-x86_64-fedora-gcc