CRAN Package Check Results for Package phonTools

Last updated on 2021-02-23 06:51:21 CET.

Flavor Version Tinstall Tcheck Ttotal Status Flags
r-devel-linux-x86_64-debian-clang 0.2-2.1 5.81 63.13 68.94 NOTE
r-devel-linux-x86_64-debian-gcc 0.2-2.1 5.08 48.70 53.78 NOTE
r-devel-linux-x86_64-fedora-clang 0.2-2.1 93.17 NOTE
r-devel-linux-x86_64-fedora-gcc 0.2-2.1 83.58 NOTE
r-devel-windows-ix86+x86_64 0.2-2.1 13.00 72.00 85.00 OK
r-patched-linux-x86_64 0.2-2.1 5.99 60.65 66.64 NOTE
r-patched-solaris-x86 0.2-2.1 111.40 NOTE
r-release-linux-x86_64 0.2-2.1 6.70 61.35 68.05 NOTE
r-release-macos-x86_64 0.2-2.1 OK
r-release-windows-ix86+x86_64 0.2-2.1 10.00 61.00 71.00 OK
r-oldrel-macos-x86_64 0.2-2.1 OK
r-oldrel-windows-ix86+x86_64 0.2-2.1 9.00 90.00 99.00 OK

Check Details

Version: 0.2-2.1
Check: for non-standard things in the check directory
Result: NOTE
    Found the following files/directories:
     '1khz.wav' 'snd.wav'
Flavors: r-devel-linux-x86_64-debian-clang, r-devel-linux-x86_64-debian-gcc, r-devel-linux-x86_64-fedora-clang, r-devel-linux-x86_64-fedora-gcc, r-patched-linux-x86_64, r-patched-solaris-x86, r-release-linux-x86_64