CRAN Package Check Results for Package piecepackr

Last updated on 2020-01-21 13:49:21 CET.

Flavor Version Tinstall Tcheck Ttotal Status Flags
r-devel-linux-x86_64-debian-clang 1.2.1 9.79 145.22 155.01 OK
r-devel-linux-x86_64-debian-gcc 1.2.1 8.17 103.95 112.12 OK
r-devel-linux-x86_64-fedora-clang 1.2.1 174.29 OK
r-devel-linux-x86_64-fedora-gcc 1.2.1 169.07 OK
r-devel-windows-ix86+x86_64 1.2.1 27.00 219.00 246.00 OK
r-devel-windows-ix86+x86_64-gcc8 1.2.1 23.00 177.00 200.00 OK
r-patched-linux-x86_64 1.2.1 9.40 124.32 133.72 OK
r-patched-solaris-x86 1.2.1 193.30 WARN
r-release-linux-x86_64 1.2.1 8.09 124.57 132.66 OK
r-release-windows-ix86+x86_64 1.2.1 11.00 228.00 239.00 OK
r-release-osx-x86_64 1.2.1 OK
r-oldrel-windows-ix86+x86_64 1.2.1 8.00 205.00 213.00 OK
r-oldrel-osx-x86_64 1.2.1 OK

Check Details

Version: 1.2.1
Check: for unstated dependencies in ‘tests’
Result: WARN
    Warning in deparse(e[[2L]]) :
     it is not known that wchar_t is Unicode on this platform
    Warning in deparse(e[[2L]]) :
     it is not known that wchar_t is Unicode on this platform
Flavor: r-patched-solaris-x86