CRAN Package Check Results for Package pkr

Last updated on 2019-11-13 13:47:08 CET.

Flavor Version Tinstall Tcheck Ttotal Status Flags
r-devel-linux-x86_64-debian-clang 0.1.2 5.57 44.27 49.84 NOTE
r-devel-linux-x86_64-debian-gcc 0.1.2 3.88 33.67 37.55 NOTE
r-devel-linux-x86_64-fedora-clang 0.1.2 59.16 NOTE
r-devel-linux-x86_64-fedora-gcc 0.1.2 59.02 NOTE
r-devel-windows-ix86+x86_64 0.1.2 16.00 57.00 73.00 OK
r-patched-linux-x86_64 0.1.2 4.89 42.44 47.33 OK
r-patched-solaris-x86 0.1.2 75.90 OK
r-release-linux-x86_64 0.1.2 4.83 43.06 47.89 OK
r-release-windows-ix86+x86_64 0.1.2 14.00 55.00 69.00 OK
r-release-osx-x86_64 0.1.2 OK
r-oldrel-windows-ix86+x86_64 0.1.2 7.00 74.00 81.00 OK
r-oldrel-osx-x86_64 0.1.2 OK

Check Details

Version: 0.1.2
Check: for non-standard things in the check directory
Result: NOTE
    Found the following files/directories:
     'Indometh_Bolus_Linear_CoreOutput.txt'
     'Indometh_Bolus_Log_CoreOutput.txt'
     'Indometh_Infusion_Linear_CoreOutput.txt'
     'Indometh_Infusion_Log_CoreOutput.txt' 'Output'
     'Theoph_Linear_CoreOutput.txt' 'Theoph_Log_CoreOutput.txt'
Flavors: r-devel-linux-x86_64-debian-clang, r-devel-linux-x86_64-debian-gcc, r-devel-linux-x86_64-fedora-clang, r-devel-linux-x86_64-fedora-gcc