CRAN Package Check Results for Package pkr

Last updated on 2020-10-01 13:49:18 CEST.

Flavor Version Tinstall Tcheck Ttotal Status Flags
r-devel-linux-x86_64-debian-clang 0.1.2 6.90 49.57 56.47 NOTE
r-devel-linux-x86_64-debian-gcc 0.1.2 5.44 37.49 42.93 NOTE
r-devel-linux-x86_64-fedora-clang 0.1.2 74.71 NOTE
r-devel-linux-x86_64-fedora-gcc 0.1.2 65.12 NOTE
r-devel-windows-ix86+x86_64 0.1.2 11.00 51.00 62.00 OK
r-patched-linux-x86_64 0.1.2 6.02 46.65 52.67 NOTE
r-patched-solaris-x86 0.1.2 88.20 NOTE
r-release-linux-x86_64 0.1.2 7.09 47.46 54.55 NOTE
r-release-macos-x86_64 0.1.2 OK
r-release-windows-ix86+x86_64 0.1.2 18.00 62.00 80.00 OK
r-oldrel-macos-x86_64 0.1.2 OK
r-oldrel-windows-ix86+x86_64 0.1.2 9.00 68.00 77.00 OK

Check Details

Version: 0.1.2
Check: for non-standard things in the check directory
Result: NOTE
    Found the following files/directories:
     'Indometh_Bolus_Linear_CoreOutput.txt'
     'Indometh_Bolus_Log_CoreOutput.txt'
     'Indometh_Infusion_Linear_CoreOutput.txt'
     'Indometh_Infusion_Log_CoreOutput.txt' 'Output'
     'Theoph_Linear_CoreOutput.txt' 'Theoph_Log_CoreOutput.txt'
Flavors: r-devel-linux-x86_64-debian-clang, r-devel-linux-x86_64-debian-gcc, r-devel-linux-x86_64-fedora-clang, r-devel-linux-x86_64-fedora-gcc, r-patched-linux-x86_64, r-patched-solaris-x86, r-release-linux-x86_64