CRAN Package Check Results for Package pksensi

Last updated on 2019-12-06 13:48:44 CET.

Flavor Version Tinstall Tcheck Ttotal Status Flags
r-devel-linux-x86_64-debian-clang 1.1.4 7.50 60.67 68.17 OK
r-devel-linux-x86_64-debian-gcc 1.1.4 4.87 45.85 50.72 OK
r-devel-linux-x86_64-fedora-clang 1.1.4 75.00 OK
r-devel-linux-x86_64-fedora-gcc 1.1.4 74.36 OK
r-devel-windows-ix86+x86_64 1.1.4 13.00 111.00 124.00 OK
r-devel-windows-ix86+x86_64-gcc8 1.1.4 14.00 108.00 122.00 OK
r-patched-linux-x86_64 1.1.4 4.75 55.01 59.76 OK
r-patched-solaris-x86 1.1.4 109.70 OK
r-release-linux-x86_64 1.1.4 5.79 55.42 61.21 OK
r-release-windows-ix86+x86_64 1.1.4 12.00 75.00 87.00 OK
r-release-osx-x86_64 1.1.4 OK
r-oldrel-windows-ix86+x86_64 1.1.4 8.00 122.00 130.00 WARN
r-oldrel-osx-x86_64 1.1.4 WARN

Check Details

Version: 1.1.4
Check: whether package can be installed
Result: WARN
    Found the following significant warnings:
     Warning: D:/temp/RtmpWuaabN/R.INSTALL2583838f970cc/pksensi/man/compile_model.Rd:16: unknown macro '\proglang'
     Warning: D:/temp/RtmpWuaabN/R.INSTALL2583838f970cc/pksensi/man/compile_model.Rd:30: unknown macro '\proglang'
     Warning: D:/temp/RtmpWuaabN/R.INSTALL2583838f970cc/pksensi/man/compile_model.Rd:34: unknown macro '\proglang'
Flavor: r-oldrel-windows-ix86+x86_64

Version: 1.1.4
Check: Rd files
Result: WARN
    prepare_Rd: compile_model.Rd:16: unknown macro '\proglang'
    prepare_Rd: compile_model.Rd:30: unknown macro '\proglang'
    prepare_Rd: compile_model.Rd:34: unknown macro '\proglang'
Flavors: r-oldrel-windows-ix86+x86_64, r-oldrel-osx-x86_64

Version: 1.1.4
Check: whether package can be installed
Result: WARN
    Found the following significant warnings:
     Warning: /Volumes/SSD-Data/Builds/R-dev-web/QA/Simon/packages/el-capitan-x86_64/results/3.5/pksensi.Rcheck/00_pkg_src/pksensi/man/compile_model.Rd:16: unknown macro '\proglang'
     Warning: /Volumes/SSD-Data/Builds/R-dev-web/QA/Simon/packages/el-capitan-x86_64/results/3.5/pksensi.Rcheck/00_pkg_src/pksensi/man/compile_model.Rd:30: unknown macro '\proglang'
     Warning: /Volumes/SSD-Data/Builds/R-dev-web/QA/Simon/packages/el-capitan-x86_64/results/3.5/pksensi.Rcheck/00_pkg_src/pksensi/man/compile_model.Rd:34: unknown macro '\proglang'
Flavor: r-oldrel-osx-x86_64