Last updated on 2021-02-25 06:47:10 CET.
Flavor | Version | Tinstall | Tcheck | Ttotal | Status | Flags |
---|---|---|---|---|---|---|
r-devel-linux-x86_64-debian-clang | 1.1.1 | 8.61 | 169.20 | 177.81 | OK | |
r-devel-linux-x86_64-debian-gcc | 1.1.1 | 6.07 | 124.54 | 130.61 | OK | |
r-devel-linux-x86_64-fedora-clang | 1.1.1 | 214.41 | NOTE | |||
r-devel-linux-x86_64-fedora-gcc | 1.1.1 | 212.37 | NOTE | |||
r-devel-windows-ix86+x86_64 | 1.1.1 | 12.00 | 161.00 | 173.00 | OK | |
r-patched-linux-x86_64 | 1.1.1 | 4.92 | 156.40 | 161.32 | OK | |
r-patched-solaris-x86 | 1.1.1 | 291.60 | NOTE | |||
r-release-linux-x86_64 | 1.1.1 | 4.85 | 154.11 | 158.96 | OK | |
r-release-macos-x86_64 | 1.1.1 | NOTE | ||||
r-release-windows-ix86+x86_64 | 1.1.1 | 19.00 | 200.00 | 219.00 | OK | |
r-oldrel-macos-x86_64 | 1.1.1 | NOTE | ||||
r-oldrel-windows-ix86+x86_64 | 1.1.1 | 12.00 | 203.00 | 215.00 | OK |
Version: 1.1.1
Check: dependencies in R code
Result: NOTE
Namespaces in Imports field not imported from:
‘hexbin’ ‘quantreg’
All declared Imports should be used.
Flavors: r-devel-linux-x86_64-fedora-clang, r-devel-linux-x86_64-fedora-gcc, r-patched-solaris-x86, r-release-macos-x86_64, r-oldrel-macos-x86_64