CRAN Package Check Results for Package pmetar

Last updated on 2021-01-25 08:48:50 CET.

Flavor Version Tinstall Tcheck Ttotal Status Flags
r-devel-linux-x86_64-debian-clang 0.3.0 4.00 55.02 59.02 OK
r-devel-linux-x86_64-debian-gcc 0.3.0 3.65 41.80 45.45 OK
r-devel-linux-x86_64-fedora-clang 0.3.0 75.06 OK
r-devel-linux-x86_64-fedora-gcc 0.3.0 67.61 OK
r-devel-windows-ix86+x86_64 0.3.0 9.00 57.00 66.00 ERROR
r-patched-linux-x86_64 0.3.0 3.95 53.14 57.09 OK
r-patched-solaris-x86 0.3.0 77.50 ERROR
r-release-linux-x86_64 0.3.0 4.25 54.09 58.34 OK
r-release-macos-x86_64 0.3.0 WARN
r-release-windows-ix86+x86_64 0.3.0 9.00 50.00 59.00 ERROR
r-oldrel-macos-x86_64 0.3.0 WARN
r-oldrel-windows-ix86+x86_64 0.3.0 6.00 64.00 70.00 ERROR

Check Details

Version: 0.3.0
Check: examples
Result: ERROR
    Running examples in 'pmetar-Ex.R' failed
    The error most likely occurred in:
    
    > ### Name: metar_get
    > ### Title: Get a current METAR report for an airport.
    > ### Aliases: metar_get
    >
    > ### ** Examples
    >
    > metar_get("EPWA")
    Getting airport informaiton from the file downloaded from
    http://ourairports.com/data/airports.csv
    Getting information from Aviation Weather Center www.aviationweather.gov/metar
    Error: pmetar package error: cannot connect to the server!
    Execution halted
Flavors: r-devel-windows-ix86+x86_64, r-release-windows-ix86+x86_64, r-oldrel-windows-ix86+x86_64

Version: 0.3.0
Check: tests
Result: ERROR
     Running 'testthat.R' [9s]
    Running the tests in 'tests/testthat.R' failed.
    Complete output:
     > library(testthat)
     > library(pmetar)
     >
     > test_check("pmetar")
     == Failed tests ================================================================
     -- Error (test_metar_get.R:14:3): Check if output is character -----------------
     Error: pmetar package error: cannot connect to the server!
     Backtrace:
     x
     1. +-testthat::expect_equal(is.character(metar_get(x1)), TRUE) test_metar_get.R:14:2
     2. | \-testthat::quasi_label(enquo(object), label, arg = "object")
     3. | \-rlang::eval_bare(expr, quo_get_env(quo))
     4. \-pmetar::metar_get(x1)
     5. \-base::tryCatch(...)
     6. \-base:::tryCatchList(expr, classes, parentenv, handlers)
     7. \-base:::tryCatchOne(expr, names, parentenv, handlers[[1L]])
     8. \-value[[3L]](cond)
     -- Error (test_metar_get.R:36:3): Check incorrect inputs -----------------------
     Error: pmetar package error: cannot connect to the server!
     Backtrace:
     x
     1. +-testthat::expect_equal(metar_get(x1), "No METAR found!") test_metar_get.R:36:2
     2. | \-testthat::quasi_label(enquo(object), label, arg = "object")
     3. | \-rlang::eval_bare(expr, quo_get_env(quo))
     4. \-pmetar::metar_get(x1)
     5. \-base::tryCatch(...)
     6. \-base:::tryCatchList(expr, classes, parentenv, handlers)
     7. \-base:::tryCatchOne(expr, names, parentenv, handlers[[1L]])
     8. \-value[[3L]](cond)
    
     [ FAIL 2 | WARN 0 | SKIP 0 | PASS 400 ]
     Error: Test failures
     Execution halted
Flavors: r-devel-windows-ix86+x86_64, r-oldrel-windows-ix86+x86_64

Version: 0.3.0
Check: re-building of vignette outputs
Result: WARN
    Error(s) in re-building vignettes:
    --- re-building 'pmetar.Rmd' using rmarkdown
    Quitting from lines 34-37 (pmetar.Rmd)
    Error: processing vignette 'pmetar.Rmd' failed with diagnostics:
    pmetar package error: cannot connect to the server!
    --- failed re-building 'pmetar.Rmd'
    
    SUMMARY: processing the following file failed:
     'pmetar.Rmd'
    
    Error: Vignette re-building failed.
    Execution halted
Flavors: r-devel-windows-ix86+x86_64, r-release-windows-ix86+x86_64, r-oldrel-windows-ix86+x86_64

Version: 0.3.0
Check: examples
Result: ERROR
    Running examples in ‘pmetar-Ex.R’ failed
    The error most likely occurred in:
    
    > ### Name: metar_get
    > ### Title: Get a current METAR report for an airport.
    > ### Aliases: metar_get
    >
    > ### ** Examples
    >
    > metar_get("EPWA")
    Getting airport informaiton from the file downloaded from
    http://ourairports.com/data/airports.csv
    Getting information from Aviation Weather Center www.aviationweather.gov/metar
    Don't use for flight planning or navigation!
    [1] "EPWA 131800Z 26007KT 9999 SCT008 BKN040 00/M01 Q1004 R88/2///95 NOSIG"
    > metar_get("CYUL")
    Getting airport informaiton from the file downloaded from
    http://ourairports.com/data/airports.csv
    Getting information from Aviation Weather Center www.aviationweather.gov/metar
    Don't use for flight planning or navigation!
    [1] "CYUL 131822Z 19007KT 8SM -DZ BKN015 OVC025 00/M01 A2985 RMK SC6SC2 SLP110"
    > metar_get("MAD")
    Getting airport informaiton from the file downloaded from
    http://ourairports.com/data/airports.csv
    Getting information from Aviation Weather Center www.aviationweather.gov/metar
    Don't use for flight planning or navigation!
    [1] "LEMD 131800Z 00000KT CAVOK M02/M06 Q1028 NOSIG"
    > metar_get("WAW")
    Getting airport informaiton from the file downloaded from
    http://ourairports.com/data/airports.csv
    Getting information from Aviation Weather Center www.aviationweather.gov/metar
    Don't use for flight planning or navigation!
    [1] "EPWA 131800Z 26007KT 9999 SCT008 BKN040 00/M01 Q1004 R88/2///95 NOSIG"
    > metar_get(c("epwa", "Mad", "LEBL"))
    Getting airport informaiton from the file downloaded from
    http://ourairports.com/data/airports.csv
    Getting information from Aviation Weather Center www.aviationweather.gov/metar
    
    Execution halted
Flavor: r-patched-solaris-x86

Version: 0.3.0
Check: tests
Result: ERROR
     Running ‘testthat.R’ [0m/42m]
    Running the tests in ‘tests/testthat.R’ failed.
    Complete output:
     > library(testthat)
     > library(pmetar)
     >
     > test_check("pmetar")
Flavor: r-patched-solaris-x86

Version: 0.3.0
Check: re-building of vignette outputs
Result: WARN
    Error(s) in re-building vignettes:
     ...
    --- re-building ‘pmetar.Rmd’ using rmarkdown
    Warning in engine$weave(file, quiet = quiet, encoding = enc) :
     Pandoc (>= 1.12.3) and/or pandoc-citeproc not available. Falling back to R Markdown v1.
    Quitting from lines 239-242 (pmetar.Rmd)
    Error: processing vignette 'pmetar.Rmd' failed with diagnostics:
    unused argument (options = list(TRUE, TRUE, "markup", FALSE, NULL, TRUE, FALSE, "#>", TRUE, TRUE, "normalsize", "#F7F7F7", 0, "cache/", NULL, TRUE, NULL, FALSE, FALSE, "high", "asis", "default", "figure/", "png", NULL, 72, "png", 7, 7, "figure", NULL, NULL, "fig:", NULL, "", NULL, NULL, NULL, 1, TRUE, FALSE, 1, "controls,loop", TRUE, FALSE, TRUE, NULL, NULL, NULL, "R", FALSE, TRUE, TRUE, "unnamed-chunk-29", c("if (!grepl('SunOS',Sys.info()['sysname'])){", " decoded_metars %>% as_tibble %>% rmarkdown::paged_table() ",
    "}"), 504, 504, ""))
    --- failed re-building ‘pmetar.Rmd’
    
    SUMMARY: processing the following file failed:
     ‘pmetar.Rmd’
    
    Error: Vignette re-building failed.
    Execution halted
Flavor: r-release-macos-x86_64

Version: 0.3.0
Check: tests
Result: ERROR
     Running 'testthat.R' [8s]
    Running the tests in 'tests/testthat.R' failed.
    Complete output:
     > library(testthat)
     > library(pmetar)
     >
     > test_check("pmetar")
     == Failed tests ================================================================
     -- Error (test_metar_get.R:14:3): Check if output is character -----------------
     Error: pmetar package error: cannot connect to the server!
     Backtrace:
     x
     1. +-testthat::expect_equal(is.character(metar_get(x1)), TRUE) test_metar_get.R:14:2
     2. | \-testthat::quasi_label(enquo(object), label, arg = "object")
     3. | \-rlang::eval_bare(expr, quo_get_env(quo))
     4. \-pmetar::metar_get(x1)
     5. \-base::tryCatch(...)
     6. \-base:::tryCatchList(expr, classes, parentenv, handlers)
     7. \-base:::tryCatchOne(expr, names, parentenv, handlers[[1L]])
     8. \-value[[3L]](cond)
     -- Error (test_metar_get.R:36:3): Check incorrect inputs -----------------------
     Error: pmetar package error: cannot connect to the server!
     Backtrace:
     x
     1. +-testthat::expect_equal(metar_get(x1), "No METAR found!") test_metar_get.R:36:2
     2. | \-testthat::quasi_label(enquo(object), label, arg = "object")
     3. | \-rlang::eval_bare(expr, quo_get_env(quo))
     4. \-pmetar::metar_get(x1)
     5. \-base::tryCatch(...)
     6. \-base:::tryCatchList(expr, classes, parentenv, handlers)
     7. \-base:::tryCatchOne(expr, names, parentenv, handlers[[1L]])
     8. \-value[[3L]](cond)
    
     [ FAIL 2 | WARN 0 | SKIP 0 | PASS 400 ]
     Error: Test failures
     Execution halted
Flavor: r-release-windows-ix86+x86_64

Version: 0.3.0
Check: re-building of vignette outputs
Result: WARN
    Error(s) in re-building vignettes:
     ...
    --- re-building ‘pmetar.Rmd’ using rmarkdown
    Warning in engine$weave(file, quiet = quiet, encoding = enc) :
     Pandoc (>= 1.12.3) and/or pandoc-citeproc not available. Falling back to R Markdown v1.
    Quitting from lines 239-242 (pmetar.Rmd)
    Error: processing vignette 'pmetar.Rmd' failed with diagnostics:
    unused argument (options = options)
    --- failed re-building ‘pmetar.Rmd’
    
    SUMMARY: processing the following file failed:
     ‘pmetar.Rmd’
    
    Error: Vignette re-building failed.
    Execution halted
Flavor: r-oldrel-macos-x86_64