Last updated on 2021-01-15 07:50:55 CET.
Flavor | Version | Tinstall | Tcheck | Ttotal | Status | Flags |
---|---|---|---|---|---|---|
r-devel-linux-x86_64-debian-clang | 0.12.0 | 4.61 | 69.39 | 74.00 | OK | |
r-devel-linux-x86_64-debian-gcc | 0.12.0 | 3.50 | 51.12 | 54.62 | OK | |
r-devel-linux-x86_64-fedora-clang | 0.12.0 | 96.03 | OK | |||
r-devel-linux-x86_64-fedora-gcc | 0.12.0 | 89.27 | OK | |||
r-devel-windows-ix86+x86_64 | 0.12.0 | 10.00 | 0.00 | 10.00 | ERROR | |
r-patched-linux-x86_64 | 0.12.0 | 3.08 | 68.17 | 71.25 | OK | |
r-patched-solaris-x86 | 0.12.0 | 127.50 | OK | |||
r-release-linux-x86_64 | 0.12.0 | 4.50 | 67.17 | 71.67 | OK | |
r-release-macos-x86_64 | 0.12.0 | OK | ||||
r-release-windows-ix86+x86_64 | 0.12.0 | 9.00 | 70.00 | 79.00 | OK | |
r-oldrel-macos-x86_64 | 0.12.0 | OK | ||||
r-oldrel-windows-ix86+x86_64 | 0.12.0 | 5.00 | 64.00 | 69.00 | OK |
Version: 0.12.0
Check: whether package can be installed
Result: ERROR
Installation failed.
Flavor: r-devel-windows-ix86+x86_64