CRAN Package Check Results for Package profile

Last updated on 2020-07-12 13:47:08 CEST.

Flavor Version Tinstall Tcheck Ttotal Status Flags
r-devel-linux-x86_64-debian-clang 1.0.2 3.18 39.58 42.76 OK
r-devel-linux-x86_64-debian-gcc 1.0.2 2.74 29.50 32.24 OK
r-devel-linux-x86_64-fedora-clang 1.0.2 59.03 OK
r-devel-linux-x86_64-fedora-gcc 1.0.2 52.23 OK
r-devel-windows-ix86+x86_64 1.0.2 14.00 52.00 66.00 OK
r-patched-linux-x86_64 1.0.2 3.39 37.35 40.74 OK
r-patched-solaris-x86 1.0.2 67.80 NOTE
r-release-linux-x86_64 1.0.2 3.58 38.59 42.17 OK
r-release-macos-x86_64 1.0.2 OK
r-release-windows-ix86+x86_64 1.0.2 14.00 69.00 83.00 OK
r-oldrel-macos-x86_64 1.0.2 OK
r-oldrel-windows-ix86+x86_64 1.0.2 9.00 53.00 62.00 OK

Check Details

Version: 1.0.2
Check: package dependencies
Result: NOTE
    Package suggested but not available for checking: ‘RProtoBuf’
Flavor: r-patched-solaris-x86