CRAN Package Check Results for Package psychotools

Last updated on 2019-11-22 13:47:10 CET.

Flavor Version Tinstall Tcheck Ttotal Status Flags
r-devel-linux-x86_64-debian-clang 0.5-0 OK
r-devel-linux-x86_64-debian-gcc 0.5-0 13.98 102.98 116.96 OK
r-devel-linux-x86_64-fedora-clang 0.5-0 166.62 OK
r-devel-linux-x86_64-fedora-gcc 0.5-0 173.45 OK
r-devel-windows-ix86+x86_64 0.5-0 33.00 299.00 332.00 ERROR
r-devel-windows-ix86+x86_64-gcc8 0.5-0 31.00 240.00 271.00 OK
r-patched-linux-x86_64 0.5-0 16.87 128.05 144.92 OK
r-patched-solaris-x86 0.5-0 232.00 OK
r-release-linux-x86_64 0.5-0 16.76 130.32 147.08 OK
r-release-windows-ix86+x86_64 0.5-0 31.00 294.00 325.00 OK
r-release-osx-x86_64 0.5-0 OK
r-oldrel-windows-ix86+x86_64 0.5-0 21.00 271.00 292.00 OK
r-oldrel-osx-x86_64 0.5-0 OK

Check Details

Version: 0.5-0
Check: running tests for arch ‘i386’
Result: ERROR
     Running 'elementary_symmetric_functions.R' [0s]
Flavor: r-devel-windows-ix86+x86_64

Version: 0.5-0
Check: running tests for arch ‘x64’
Result: ERROR
     Running 'elementary_symmetric_functions.R' [0s]
Flavor: r-devel-windows-ix86+x86_64

Version: 0.5-0
Check: PDF version of manual
Result: ERROR
    Rd conversion errors:
    Error in writeLines(x, con, useBytes = TRUE, ...) :
     Error writing to connection: No space left on device
Flavor: r-devel-windows-ix86+x86_64