CRAN Package Check Results for Package pubh

Last updated on 2020-07-12 13:47:08 CEST.

Flavor Version Tinstall Tcheck Ttotal Status Flags
r-devel-linux-x86_64-debian-clang 1.1.16 8.38 182.29 190.67 OK
r-devel-linux-x86_64-debian-gcc 1.1.16 8.05 137.45 145.50 OK
r-devel-linux-x86_64-fedora-clang 1.1.16 224.97 NOTE
r-devel-linux-x86_64-fedora-gcc 1.1.16 223.89 NOTE
r-devel-windows-ix86+x86_64 1.1.16 42.00 264.00 306.00 OK
r-patched-linux-x86_64 1.1.16 10.25 175.87 186.12 OK
r-patched-solaris-x86 1.1.16 310.80 NOTE
r-release-linux-x86_64 1.1.16 6.35 174.68 181.03 OK
r-release-macos-x86_64 1.1.16 NOTE
r-release-windows-ix86+x86_64 1.1.16 39.00 291.00 330.00 OK
r-oldrel-macos-x86_64 1.1.16 ERROR

Check Details

Version: 1.1.16
Check: dependencies in R code
Result: NOTE
    Namespace in Imports field not imported from: ‘Hmisc’
     All declared Imports should be used.
Flavors: r-devel-linux-x86_64-fedora-clang, r-devel-linux-x86_64-fedora-gcc, r-patched-solaris-x86, r-release-macos-x86_64

Version: 1.1.16
Check: whether package can be installed
Result: ERROR
    Installation failed.
Flavor: r-oldrel-macos-x86_64