CRAN Package Check Results for Package pubh

Last updated on 2019-09-23 12:48:01 CEST.

Flavor Version Tinstall Tcheck Ttotal Status Flags
r-devel-linux-x86_64-debian-clang 0.4.3 7.94 100.15 108.09 OK
r-devel-linux-x86_64-debian-gcc 0.4.3 6.83 76.01 82.84 OK
r-devel-linux-x86_64-fedora-clang 0.4.3 124.55 NOTE
r-devel-linux-x86_64-fedora-gcc 0.4.3 125.53 NOTE
r-devel-windows-ix86+x86_64 0.4.3 34.00 168.00 202.00 OK
r-patched-linux-x86_64 0.4.3 8.54 94.19 102.73 OK
r-patched-solaris-x86 0.4.3 190.90 NOTE
r-release-linux-x86_64 0.4.3 8.39 94.69 103.08 OK
r-release-windows-ix86+x86_64 0.4.3 36.00 164.00 200.00 OK
r-release-osx-x86_64 0.4.3 NOTE
r-oldrel-windows-ix86+x86_64 0.4.3 15.00 115.00 130.00 OK
r-oldrel-osx-x86_64 0.4.3 NOTE

Check Details

Version: 0.4.3
Check: dependencies in R code
Result: NOTE
    Namespaces in Imports field not imported from:
     ‘bookdown’ ‘desctable’ ‘effects’ ‘knitr’ ‘latex2exp’ ‘lme4’ ‘nlme’
     ‘nnet’ ‘ordinal’ ‘pander’ ‘papeR’
     All declared Imports should be used.
Flavors: r-devel-linux-x86_64-fedora-clang, r-devel-linux-x86_64-fedora-gcc, r-patched-solaris-x86, r-release-osx-x86_64, r-oldrel-osx-x86_64