CRAN Package Check Results for Package pwr2ppl

Last updated on 2021-01-15 07:50:55 CET.

Flavor Version Tinstall Tcheck Ttotal Status Flags
r-devel-linux-x86_64-debian-clang 0.1.2 13.64 117.98 131.62 OK
r-devel-linux-x86_64-debian-gcc 0.1.2 14.19 85.86 100.05 OK
r-devel-linux-x86_64-fedora-clang 0.1.2 171.85 OK
r-devel-linux-x86_64-fedora-gcc 0.1.2 158.25 OK
r-devel-windows-ix86+x86_64 0.1.2 31.00 0.00 31.00 ERROR
r-patched-linux-x86_64 0.1.2 10.15 109.16 119.31 OK
r-patched-solaris-x86 0.1.2 192.20 OK
r-release-linux-x86_64 0.1.2 12.65 108.22 120.87 OK
r-release-macos-x86_64 0.1.2 OK
r-release-windows-ix86+x86_64 0.1.2 24.00 109.00 133.00 OK
r-oldrel-macos-x86_64 0.1.2 OK
r-oldrel-windows-ix86+x86_64 0.1.2 19.00 101.00 120.00 OK

Check Details

Version: 0.1.2
Check: whether package can be installed
Result: ERROR
    
    See * DONE
    
    Check process probably crashed or hung up for 20 minutes ... killed
    Most likely this happened in the example checks (?),
    if not, ignore the following last lines of example output:
    
    ======== End of example output (where/before crash/hang up occured ?) ========
Flavor: r-devel-windows-ix86+x86_64