CRAN Package Check Results for Package qdap

Last updated on 2019-12-14 11:50:02 CET.

Flavor Version Tinstall Tcheck Ttotal Status Flags
r-devel-linux-x86_64-debian-clang 2.3.2 43.94 276.01 319.95 ERROR
r-devel-linux-x86_64-debian-gcc 2.3.2 37.87 206.24 244.11 ERROR
r-devel-linux-x86_64-fedora-clang 2.3.2 389.86 OK
r-devel-linux-x86_64-fedora-gcc 2.3.2 372.26 OK
r-devel-windows-ix86+x86_64 2.3.2 51.00 9.00 60.00 ERROR
r-devel-windows-ix86+x86_64-gcc8 2.3.2 61.00 8.00 69.00 ERROR
r-patched-linux-x86_64 2.3.2 37.57 247.19 284.76 OK
r-patched-solaris-x86 2.3.2 405.40 OK
r-release-linux-x86_64 2.3.2 38.48 249.65 288.13 OK
r-release-windows-ix86+x86_64 2.3.2 53.00 236.00 289.00 OK
r-release-osx-x86_64 2.3.2 OK
r-oldrel-windows-ix86+x86_64 2.3.2 50.00 231.00 281.00 OK
r-oldrel-osx-x86_64 2.3.2 OK

Check Details

Version: 2.3.2
Check: tests
Result: ERROR
     Running 'testthat.R' [29s/25s]
    Running the tests in 'tests/testthat.R' failed.
    Complete output:
     > library("testthat")
     > library("qdap")
     Loading required package: qdapDictionaries
     Loading required package: qdapRegex
     Loading required package: qdapTools
     Loading required package: RColorBrewer
     Registered S3 methods overwritten by 'qdap':
     method from
     t.DocumentTermMatrix tm
     t.TermDocumentMatrix tm
    
     Attaching package: 'qdap'
    
     The following object is masked from 'package:testthat':
    
     %>%
    
     The following object is masked from 'package:base':
    
     Filter
    
     >
     >
     > test_check("qdap")
     -- 1. Failure: apply_as_tm applies tm functions and then optionally converts bac
     lapply(list(x1, x2, x3, x4, x5, x6, x7), class) not equivalent to `types`.
     Component 1: Lengths (4, 3) differ (string compare on first 3)
     Component 4: Lengths (3, 2) differ (string compare on first 2)
     Component 6: Lengths (3, 2) differ (string compare on first 2)
     Component 7: Lengths (3, 2) differ (string compare on first 2)
    
    
     |
     | | 0%
     |
     |====== | 9%
     |
     |============= | 18%
     |
     |=================== | 27%
     |
     |========================= | 36%
     |
     |================================ | 45%
     |
     |====================================== | 55%
     |
     |============================================= | 64%
     |
     |=================================================== | 73%
     |
     |========================================================= | 82%
     |
     |================================================================ | 91%
     |
     |======================================================================| 100%
    
     |
     | | 0%
     |
     |====== | 9%
     |
     |============= | 18%
     |
     |=================== | 27%
     |
     |========================= | 36%
     |
     |================================ | 45%
     |
     |====================================== | 55%
     |
     |============================================= | 64%
     |
     |=================================================== | 73%
     |
     |========================================================= | 82%
     |
     |================================================================ | 91%
     |
     |======================================================================| 100%
     == testthat results ===========================================================
     [ OK: 217 | SKIPPED: 0 | WARNINGS: 0 | FAILED: 1 ]
     1. Failure: apply_as_tm applies tm functions and then optionally converts back (@test-as.tdm.R#40)
    
     Error: testthat unit tests failed
     Execution halted
Flavor: r-devel-linux-x86_64-debian-clang

Version: 2.3.2
Check: tests
Result: ERROR
     Running ‘testthat.R’ [21s/26s]
    Running the tests in ‘tests/testthat.R’ failed.
    Complete output:
     > library("testthat")
     > library("qdap")
     Loading required package: qdapDictionaries
     Loading required package: qdapRegex
     Loading required package: qdapTools
     Loading required package: RColorBrewer
     Registered S3 methods overwritten by 'qdap':
     method from
     t.DocumentTermMatrix tm
     t.TermDocumentMatrix tm
    
     Attaching package: 'qdap'
    
     The following object is masked from 'package:testthat':
    
     %>%
    
     The following object is masked from 'package:base':
    
     Filter
    
     >
     >
     > test_check("qdap")
     ── 1. Failure: apply_as_tm applies tm functions and then optionally converts bac
     lapply(list(x1, x2, x3, x4, x5, x6, x7), class) not equivalent to `types`.
     Component 1: Lengths (4, 3) differ (string compare on first 3)
     Component 4: Lengths (3, 2) differ (string compare on first 2)
     Component 6: Lengths (3, 2) differ (string compare on first 2)
     Component 7: Lengths (3, 2) differ (string compare on first 2)
    
    
     |
     | | 0%
     |
     |====== | 9%
     |
     |============= | 18%
     |
     |=================== | 27%
     |
     |========================= | 36%
     |
     |================================ | 45%
     |
     |====================================== | 55%
     |
     |============================================= | 64%
     |
     |=================================================== | 73%
     |
     |========================================================= | 82%
     |
     |================================================================ | 91%
     |
     |======================================================================| 100%
    
     |
     | | 0%
     |
     |====== | 9%
     |
     |============= | 18%
     |
     |=================== | 27%
     |
     |========================= | 36%
     |
     |================================ | 45%
     |
     |====================================== | 55%
     |
     |============================================= | 64%
     |
     |=================================================== | 73%
     |
     |========================================================= | 82%
     |
     |================================================================ | 91%
     |
     |======================================================================| 100%
     ══ testthat results ═══════════════════════════════════════════════════════════
     [ OK: 217 | SKIPPED: 0 | WARNINGS: 0 | FAILED: 1 ]
     1. Failure: apply_as_tm applies tm functions and then optionally converts back (@test-as.tdm.R#40)
    
     Error: testthat unit tests failed
     Execution halted
Flavor: r-devel-linux-x86_64-debian-gcc

Version: 2.3.2
Check: whether package can be installed
Result: ERROR
    Installation failed.
Flavors: r-devel-windows-ix86+x86_64, r-devel-windows-ix86+x86_64-gcc8