CRAN Package Check Results for Package qlcMatrix

Last updated on 2019-09-23 13:46:27 CEST.

Flavor Version Tinstall Tcheck Ttotal Status Flags
r-devel-linux-x86_64-debian-clang 0.9.7 7.53 93.73 101.26 OK
r-devel-linux-x86_64-debian-gcc 0.9.7 7.31 74.15 81.46 OK
r-devel-linux-x86_64-fedora-clang 0.9.7 120.09 NOTE
r-devel-linux-x86_64-fedora-gcc 0.9.7 120.96 NOTE
r-devel-windows-ix86+x86_64 0.9.7 20.00 142.00 162.00 OK
r-patched-linux-x86_64 0.9.7 7.73 90.07 97.80 OK
r-patched-solaris-x86 0.9.7 194.60 NOTE
r-release-linux-x86_64 0.9.7 7.87 91.90 99.77 OK
r-release-windows-ix86+x86_64 0.9.7 19.00 150.00 169.00 OK
r-release-osx-x86_64 0.9.7 NOTE
r-oldrel-windows-ix86+x86_64 0.9.7 8.00 108.00 116.00 OK
r-oldrel-osx-x86_64 0.9.7 NOTE

Check Details

Version: 0.9.7
Check: data for non-ASCII characters
Result: NOTE
     Note: found 76102 marked UTF-8 strings
Flavors: r-devel-linux-x86_64-fedora-clang, r-devel-linux-x86_64-fedora-gcc, r-patched-solaris-x86, r-release-osx-x86_64, r-oldrel-osx-x86_64