CRAN Package Check Results for Package quadrupen

Last updated on 2020-01-26 13:47:40 CET.

Flavor Version Tinstall Tcheck Ttotal Status Flags
r-devel-linux-x86_64-debian-clang 0.2-7 121.64 86.35 207.99 OK
r-devel-linux-x86_64-debian-gcc 0.2-7 84.39 66.80 151.19 OK
r-devel-linux-x86_64-fedora-clang 0.2-7 271.33 NOTE
r-devel-linux-x86_64-fedora-gcc 0.2-7 262.71 OK
r-devel-windows-ix86+x86_64 0.2-7 250.00 189.00 439.00 OK
r-devel-windows-ix86+x86_64-gcc8 0.2-7 312.00 160.00 472.00 OK
r-patched-linux-x86_64 0.2-7 86.09 73.85 159.94 OK
r-patched-solaris-x86 0.2-7 252.50 OK
r-release-linux-x86_64 0.2-7 89.88 73.91 163.79 OK
r-release-windows-ix86+x86_64 0.2-7 201.00 128.00 329.00 OK
r-release-osx-x86_64 0.2-7 NOTE
r-oldrel-windows-ix86+x86_64 0.2-7 182.00 123.00 305.00 OK
r-oldrel-osx-x86_64 0.2-7 NOTE

Check Details

Version: 0.2-7
Check: installed package size
Result: NOTE
     installed size is 9.5Mb
     sub-directories of 1Mb or more:
     libs 9.0Mb
Flavors: r-devel-linux-x86_64-fedora-clang, r-release-osx-x86_64, r-oldrel-osx-x86_64