CRAN Package Check Results for Package quantmod

Last updated on 2019-09-23 13:46:28 CEST.

Flavor Version Tinstall Tcheck Ttotal Status Flags
r-devel-linux-x86_64-debian-clang 0.4-15 13.80 74.26 88.06 NOTE
r-devel-linux-x86_64-debian-gcc 0.4-15 11.45 57.60 69.05 NOTE
r-devel-linux-x86_64-fedora-clang 0.4-15 110.83 OK
r-devel-linux-x86_64-fedora-gcc 0.4-15 105.22 OK
r-devel-windows-ix86+x86_64 0.4-15 31.00 124.00 155.00 OK
r-patched-linux-x86_64 0.4-15 14.26 73.57 87.83 NOTE
r-patched-solaris-x86 0.4-15 134.60 OK
r-release-linux-x86_64 0.4-15 14.41 74.27 88.68 NOTE
r-release-windows-ix86+x86_64 0.4-15 31.00 123.00 154.00 OK
r-release-osx-x86_64 0.4-15 OK
r-oldrel-windows-ix86+x86_64 0.4-15 16.00 83.00 99.00 OK
r-oldrel-osx-x86_64 0.4-15 OK

Check Details

Version: 0.4-15
Check: R code for possible problems
Result: NOTE
    Found the following calls to attach():
    File 'quantmod/R/attachSymbols.R':
     attach(NULL, pos = pos, name = DB$name)
     attach(NULL, pos = pos, name = DB$name)
    See section 'Good practice' in '?attach'.
Flavors: r-devel-linux-x86_64-debian-clang, r-devel-linux-x86_64-debian-gcc, r-patched-linux-x86_64, r-release-linux-x86_64