CRAN Package Check Results for Package quickPlot

Last updated on 2019-09-19 11:47:05 CEST.

Flavor Version Tinstall Tcheck Ttotal Status Flags
r-devel-linux-x86_64-debian-clang 0.1.6 17.79 145.28 163.07 NOTE
r-devel-linux-x86_64-debian-gcc 0.1.6 16.04 116.92 132.96 NOTE
r-devel-linux-x86_64-fedora-clang 0.1.6 201.97 NOTE
r-devel-linux-x86_64-fedora-gcc 0.1.6 200.89 NOTE
r-devel-windows-ix86+x86_64 0.1.6 43.00 147.00 190.00 NOTE
r-patched-linux-x86_64 0.1.6 18.42 143.59 162.01 NOTE
r-patched-solaris-x86 0.1.6 266.60 NOTE
r-release-linux-x86_64 0.1.6 17.77 143.47 161.24 NOTE
r-release-windows-ix86+x86_64 0.1.6 31.00 147.00 178.00 NOTE
r-release-osx-x86_64 0.1.6 NOTE
r-oldrel-windows-ix86+x86_64 0.1.6 22.00 131.00 153.00 NOTE
r-oldrel-osx-x86_64 0.1.6 NOTE

Check Details

Version: 0.1.6
Check: package dependencies
Result: NOTE
    Package suggested but not available for checking: 'fastshp'
Flavors: r-devel-linux-x86_64-debian-clang, r-devel-linux-x86_64-debian-gcc, r-devel-linux-x86_64-fedora-clang, r-devel-linux-x86_64-fedora-gcc, r-devel-windows-ix86+x86_64, r-patched-linux-x86_64, r-patched-solaris-x86, r-release-linux-x86_64, r-release-windows-ix86+x86_64, r-release-osx-x86_64, r-oldrel-windows-ix86+x86_64, r-oldrel-osx-x86_64