CRAN Package Check Results for Package radiant.multivariate

Last updated on 2019-09-19 13:46:19 CEST.

Flavor Version Tinstall Tcheck Ttotal Status Flags
r-devel-linux-x86_64-debian-clang 0.9.9.1 13.40 140.96 154.36 OK
r-devel-linux-x86_64-debian-gcc 0.9.9.1 14.17 109.35 123.52 OK
r-devel-linux-x86_64-fedora-clang 0.9.9.1 205.06 OK
r-devel-linux-x86_64-fedora-gcc 0.9.9.1 199.34 OK
r-devel-windows-ix86+x86_64 0.9.9.1 73.00 230.00 303.00 OK
r-patched-linux-x86_64 0.9.9.1 13.38 137.06 150.44 OK
r-patched-solaris-x86 0.9.9.1 289.80 NOTE
r-release-linux-x86_64 0.9.9.1 13.79 136.84 150.63 OK
r-release-windows-ix86+x86_64 0.9.9.1 36.00 209.00 245.00 OK
r-release-osx-x86_64 0.9.9.1 OK
r-oldrel-windows-ix86+x86_64 0.9.9.1 27.00 156.00 183.00 OK
r-oldrel-osx-x86_64 0.9.9.1 OK

Check Details

Version: 0.9.9.1
Check: installed package size
Result: NOTE
     installed size is 6.4Mb
     sub-directories of 1Mb or more:
     app 6.1Mb
Flavor: r-patched-solaris-x86