CRAN Package Check Results for Package radiant.multivariate

Last updated on 2019-06-19 13:51:40 CEST.

Flavor Version Tinstall Tcheck Ttotal Status Flags
r-devel-linux-x86_64-debian-clang 0.9.9.1 16.65 139.14 155.79 OK
r-devel-linux-x86_64-debian-gcc 0.9.9.1 14.69 108.51 123.20 OK
r-devel-linux-x86_64-fedora-clang 0.9.9.1 181.04 OK
r-devel-linux-x86_64-fedora-gcc 0.9.9.1 175.63 OK
r-devel-windows-ix86+x86_64 0.9.9.1 59.00 225.00 284.00 OK
r-patched-linux-x86_64 0.9.9.1 15.35 135.01 150.36 OK
r-patched-solaris-x86 0.9.9.1 302.00 NOTE
r-release-linux-x86_64 0.9.9.1 17.76 135.76 153.52 OK
r-release-windows-ix86+x86_64 0.9.9.1 82.00 249.00 331.00 OK
r-release-osx-x86_64 0.9.9.1 OK
r-oldrel-windows-ix86+x86_64 0.9.9.1 29.00 245.00 274.00 OK
r-oldrel-osx-x86_64 0.9.9.1 OK

Check Details

Version: 0.9.9.1
Check: installed package size
Result: NOTE
     installed size is 6.4Mb
     sub-directories of 1Mb or more:
     app 6.1Mb
Flavor: r-patched-solaris-x86