CRAN Package Check Results for Package randstr

Last updated on 2019-09-23 13:46:28 CEST.

Flavor Version Tinstall Tcheck Ttotal Status Flags
r-devel-linux-x86_64-debian-clang 0.2.0 1.89 17.21 19.10 OK
r-devel-linux-x86_64-debian-gcc 0.2.0 1.62 14.19 15.81 OK
r-devel-linux-x86_64-fedora-clang 0.2.0 23.37 OK
r-devel-linux-x86_64-fedora-gcc 0.2.0 23.19 OK
r-devel-windows-ix86+x86_64 0.2.0 4.00 7.00 11.00 ERROR
r-patched-linux-x86_64 0.2.0 1.65 16.88 18.53 OK
r-patched-solaris-x86 0.2.0 41.30 OK
r-release-linux-x86_64 0.2.0 1.37 17.01 18.38 OK
r-release-windows-ix86+x86_64 0.2.0 4.00 6.00 10.00 ERROR
r-release-osx-x86_64 0.2.0 OK
r-oldrel-windows-ix86+x86_64 0.2.0 2.00 4.00 6.00 ERROR
r-oldrel-osx-x86_64 0.2.0 OK

Check Details

Version: 0.2.0
Check: whether package can be installed
Result: ERROR
    Installation failed.
Flavors: r-devel-windows-ix86+x86_64, r-release-windows-ix86+x86_64, r-oldrel-windows-ix86+x86_64