CRAN Package Check Results for Package rasciidoc

Last updated on 2021-04-13 06:47:00 CEST.

Flavor Version Tinstall Tcheck Ttotal Status Flags
r-devel-linux-x86_64-debian-clang 3.1.1 2.73 44.62 47.35 NOTE
r-devel-linux-x86_64-debian-gcc 3.1.1 2.11 34.79 36.90 NOTE
r-devel-linux-x86_64-fedora-clang 3.1.1 68.86 NOTE
r-devel-linux-x86_64-fedora-gcc 3.1.1 57.58 NOTE
r-devel-windows-ix86+x86_64 3.1.1 7.00 66.00 73.00 NOTE
r-devel-windows-x86_64-gcc10-UCRT 3.1.1 NOTE
r-patched-linux-x86_64 3.1.1 2.78 43.37 46.15 OK
r-patched-solaris-x86 3.1.1 62.00 OK
r-release-linux-x86_64 3.1.1 2.34 43.78 46.12 OK
r-release-macos-x86_64 3.1.1 OK
r-release-windows-ix86+x86_64 3.1.1 8.00 79.00 87.00 OK
r-oldrel-macos-x86_64 3.1.1 OK
r-oldrel-windows-ix86+x86_64 3.1.1 5.00 54.00 59.00 OK

Check Details

Version: 3.1.1
Check: LazyData
Result: NOTE
     'LazyData' is specified without a 'data' directory
Flavors: r-devel-linux-x86_64-debian-clang, r-devel-linux-x86_64-debian-gcc, r-devel-linux-x86_64-fedora-clang, r-devel-linux-x86_64-fedora-gcc, r-devel-windows-ix86+x86_64, r-devel-windows-x86_64-gcc10-UCRT