CRAN Package Check Results for Package rccmisc

Last updated on 2020-01-26 13:47:41 CET.

Flavor Version Tinstall Tcheck Ttotal Status Flags
r-devel-linux-x86_64-debian-clang 0.3.7 2.40 24.98 27.38 OK
r-devel-linux-x86_64-debian-gcc 0.3.7 2.18 19.93 22.11 OK
r-devel-linux-x86_64-fedora-clang 0.3.7 34.44 NOTE
r-devel-linux-x86_64-fedora-gcc 0.3.7 33.54 NOTE
r-devel-windows-ix86+x86_64 0.3.7 7.00 59.00 66.00 OK
r-devel-windows-ix86+x86_64-gcc8 0.3.7 9.00 40.00 49.00 OK
r-patched-linux-x86_64 0.3.7 2.08 22.97 25.05 OK
r-patched-solaris-x86 0.3.7 47.10 NOTE
r-release-linux-x86_64 0.3.7 1.92 22.87 24.79 OK
r-release-windows-ix86+x86_64 0.3.7 5.00 39.00 44.00 OK
r-release-osx-x86_64 0.3.7 NOTE
r-oldrel-windows-ix86+x86_64 0.3.7 5.00 62.00 67.00 OK
r-oldrel-osx-x86_64 0.3.7 NOTE

Check Details

Version: 0.3.7
Check: dependencies in R code
Result: NOTE
    Namespace in Imports field not imported from: ‘dplyr’
     All declared Imports should be used.
Flavors: r-devel-linux-x86_64-fedora-clang, r-devel-linux-x86_64-fedora-gcc, r-patched-solaris-x86, r-release-osx-x86_64, r-oldrel-osx-x86_64