CRAN Package Check Results for Package redist

Last updated on 2019-08-19 08:52:16 CEST.

Flavor Version Tinstall Tcheck Ttotal Status Flags
r-devel-linux-x86_64-debian-clang 1.3-3 107.78 79.86 187.64 OK
r-devel-linux-x86_64-debian-gcc 1.3-3 97.20 63.96 161.16 OK
r-devel-linux-x86_64-fedora-clang 1.3-3 278.47 NOTE
r-devel-linux-x86_64-fedora-gcc 1.3-3 284.54 OK
r-devel-windows-ix86+x86_64 1.3-3 272.00 148.00 420.00 OK
r-patched-linux-x86_64 1.3-3 103.12 79.70 182.82 OK
r-patched-solaris-x86 1.3-3 313.50 OK
r-release-linux-x86_64 1.3-3 102.82 79.80 182.62 OK
r-release-windows-ix86+x86_64 1.3-3 209.00 118.00 327.00 OK
r-release-osx-x86_64 1.3-3 NOTE
r-oldrel-windows-ix86+x86_64 1.3-3 259.00 162.00 421.00 OK
r-oldrel-osx-x86_64 1.3-3 NOTE

Check Details

Version: 1.3-3
Check: installed package size
Result: NOTE
     installed size is 7.2Mb
     sub-directories of 1Mb or more:
     data 1.7Mb
     libs 5.2Mb
Flavors: r-devel-linux-x86_64-fedora-clang, r-release-osx-x86_64, r-oldrel-osx-x86_64

Version: 1.3-3
Check: package dependencies
Result: NOTE
    Package suggested but not available for checking: ‘Rmpi’
Flavors: r-release-osx-x86_64, r-oldrel-osx-x86_64