CRAN Package Check Results for Package redist

Last updated on 2019-12-06 13:48:48 CET.

Flavor Version Tinstall Tcheck Ttotal Status Flags
r-devel-linux-x86_64-debian-clang 1.3-3 122.85 87.31 210.16 OK
r-devel-linux-x86_64-debian-gcc 1.3-3 94.35 67.96 162.31 OK
r-devel-linux-x86_64-fedora-clang 1.3-3 278.20 NOTE
r-devel-linux-x86_64-fedora-gcc 1.3-3 277.73 OK
r-devel-windows-ix86+x86_64 1.3-3 255.00 177.00 432.00 OK
r-devel-windows-ix86+x86_64-gcc8 1.3-3 275.00 184.00 459.00 OK
r-patched-linux-x86_64 1.3-3 100.63 79.14 179.77 OK
r-patched-solaris-x86 1.3-3 284.40 OK
r-release-linux-x86_64 1.3-3 97.93 79.40 177.33 OK
r-release-windows-ix86+x86_64 1.3-3 210.00 128.00 338.00 OK
r-release-osx-x86_64 1.3-3 NOTE
r-oldrel-windows-ix86+x86_64 1.3-3 194.00 174.00 368.00 OK
r-oldrel-osx-x86_64 1.3-3 NOTE

Check Details

Version: 1.3-3
Check: installed package size
Result: NOTE
     installed size is 7.2Mb
     sub-directories of 1Mb or more:
     data 1.7Mb
     libs 5.2Mb
Flavors: r-devel-linux-x86_64-fedora-clang, r-release-osx-x86_64, r-oldrel-osx-x86_64

Version: 1.3-3
Check: package dependencies
Result: NOTE
    Package suggested but not available for checking: ‘Rmpi’
Flavors: r-release-osx-x86_64, r-oldrel-osx-x86_64