CRAN Package Check Results for Package regclass

Last updated on 2020-02-23 13:47:47 CET.

Flavor Version Tinstall Tcheck Ttotal Status Flags
r-devel-linux-x86_64-debian-gcc 1.6 12.00 112.19 124.19 OK
r-devel-linux-x86_64-fedora-clang 1.6 188.79 OK
r-devel-linux-x86_64-fedora-gcc 1.6 188.95 OK
r-devel-windows-ix86+x86_64 1.5 23.00 158.00 181.00 OK
r-patched-solaris-x86 1.6 267.50 OK
r-release-linux-x86_64 1.6 12.71 128.40 141.11 OK
r-release-windows-ix86+x86_64 1.6 19.00 156.00 175.00 OK
r-release-osx-x86_64 1.6 OK
r-oldrel-osx-x86_64 1.6 ERROR

Check Details

Version: 1.6
Check: whether package can be installed
Result: ERROR
    Installation failed.
Flavor: r-oldrel-osx-x86_64