CRAN Package Check Results for Package relaimpo

Last updated on 2020-07-08 13:50:10 CEST.

Flavor Version Tinstall Tcheck Ttotal Status Flags
r-devel-linux-x86_64-debian-clang 2.2-3 15.89 98.90 114.79 OK
r-devel-linux-x86_64-debian-gcc 2.2-3 12.56 76.31 88.87 OK
r-devel-linux-x86_64-fedora-clang 2.2-3 145.12 NOTE
r-devel-linux-x86_64-fedora-gcc 2.2-3 138.51 OK
r-devel-windows-ix86+x86_64 2.2-3 23.00 98.00 121.00 OK
r-patched-linux-x86_64 2.2-3 15.11 100.11 115.22 OK
r-patched-solaris-x86 2.2-3 189.40 OK
r-release-linux-x86_64 2.2-3 14.91 102.59 117.50 OK
r-release-osx-x86_64 2.2-3 OK
r-release-windows-ix86+x86_64 2.2-3 25.00 118.00 143.00 OK
r-oldrel-osx-x86_64 2.2-3 OK
r-oldrel-windows-ix86+x86_64 2.2-3 30.00 125.00 155.00 OK

Check Details

Version: 2.2-3
Check: Rd cross-references
Result: NOTE
    Undeclared package ‘care’ in Rd xrefs
Flavor: r-devel-linux-x86_64-fedora-clang