Last updated on 2021-03-04 06:47:41 CET.
Flavor | Version | Tinstall | Tcheck | Ttotal | Status | Flags |
---|---|---|---|---|---|---|
r-devel-linux-x86_64-debian-clang | 1.0.0 | 3.31 | 42.01 | 45.32 | OK | |
r-devel-linux-x86_64-debian-gcc | 1.0.0 | 2.52 | 32.12 | 34.64 | OK | |
r-devel-linux-x86_64-fedora-clang | 1.0.0 | 63.45 | NOTE | |||
r-devel-linux-x86_64-fedora-gcc | 1.0.0 | 52.89 | NOTE | |||
r-devel-windows-ix86+x86_64 | 1.0.0 | 8.00 | 49.00 | 57.00 | OK | |
r-patched-linux-x86_64 | 1.0.0 | 3.45 | 41.49 | 44.94 | OK | |
r-patched-solaris-x86 | 1.0.0 | 77.40 | NOTE | |||
r-release-linux-x86_64 | 1.0.0 | 3.77 | 42.58 | 46.35 | OK | |
r-release-macos-x86_64 | 1.0.0 | NOTE | ||||
r-release-windows-ix86+x86_64 | 1.0.0 | 7.00 | 52.00 | 59.00 | OK | |
r-oldrel-macos-x86_64 | 1.0.0 | NOTE | ||||
r-oldrel-windows-ix86+x86_64 | 1.0.0 | 7.00 | 57.00 | 64.00 | OK |
Version: 1.0.0
Check: data for non-ASCII characters
Result: NOTE
Note: found 25 marked UTF-8 strings
Flavors: r-devel-linux-x86_64-fedora-clang, r-devel-linux-x86_64-fedora-gcc, r-patched-solaris-x86, r-release-macos-x86_64, r-oldrel-macos-x86_64