CRAN Package Check Results for Package restlos

Last updated on 2019-08-19 13:47:00 CEST.

Flavor Version Tinstall Tcheck Ttotal Status Flags
r-devel-linux-x86_64-debian-clang 0.2-2 4.40 35.83 40.23 OK
r-devel-linux-x86_64-debian-gcc 0.2-2 4.04 29.45 33.49 OK
r-devel-linux-x86_64-fedora-clang 0.2-2 50.77 OK
r-devel-linux-x86_64-fedora-gcc 0.2-2 49.45 OK
r-devel-windows-ix86+x86_64 0.2-2 16.00 59.00 75.00 OK
r-patched-linux-x86_64 0.2-2 5.00 36.21 41.21 OK
r-patched-solaris-x86 0.2-2 93.40 OK
r-release-linux-x86_64 0.2-2 4.98 36.22 41.20 OK
r-release-windows-ix86+x86_64 0.2-2 10.00 53.00 63.00 OK
r-release-osx-x86_64 0.2-2 WARN
r-oldrel-windows-ix86+x86_64 0.2-2 10.00 77.00 87.00 OK
r-oldrel-osx-x86_64 0.2-2 OK

Check Details

Version: 0.2-2
Check: whether package can be installed
Result: WARN
    Found the following significant warnings:
     Warning: 'rgl_init' failed, running with rgl.useNULL = TRUE
Flavor: r-release-osx-x86_64