CRAN Package Check Results for Package restlos

Last updated on 2019-12-06 08:55:02 CET.

Flavor Version Tinstall Tcheck Ttotal Status Flags
r-devel-linux-x86_64-debian-clang 0.2-2 5.00 39.32 44.32 OK
r-devel-linux-x86_64-debian-gcc 0.2-2 4.40 31.21 35.61 OK
r-devel-linux-x86_64-fedora-clang 0.2-2 56.84 OK
r-devel-linux-x86_64-fedora-gcc 0.2-2 57.67 OK
r-devel-windows-ix86+x86_64 0.2-2 16.00 87.00 103.00 OK
r-devel-windows-ix86+x86_64-gcc8 0.2-2 13.00 90.00 103.00 OK
r-patched-linux-x86_64 0.2-2 5.04 35.84 40.88 OK
r-patched-solaris-x86 0.2-2 84.50 OK
r-release-linux-x86_64 0.2-2 5.01 36.50 41.51 OK
r-release-windows-ix86+x86_64 0.2-2 13.00 59.00 72.00 OK
r-release-osx-x86_64 0.2-2 WARN
r-oldrel-windows-ix86+x86_64 0.2-2 7.00 71.00 78.00 OK
r-oldrel-osx-x86_64 0.2-2 OK

Check Details

Version: 0.2-2
Check: whether package can be installed
Result: WARN
    Found the following significant warnings:
     Warning: 'rgl_init' failed, running with rgl.useNULL = TRUE
Flavor: r-release-osx-x86_64