Last updated on 2021-01-22 07:49:48 CET.
Flavor | Version | Tinstall | Tcheck | Ttotal | Status | Flags |
---|---|---|---|---|---|---|
r-devel-linux-x86_64-debian-clang | 3.1.5 | 10.64 | 74.82 | 85.46 | OK | |
r-devel-linux-x86_64-debian-gcc | 3.1.5 | 9.29 | 57.54 | 66.83 | OK | |
r-devel-linux-x86_64-fedora-clang | 3.1.5 | 114.64 | NOTE | |||
r-devel-linux-x86_64-fedora-gcc | 3.1.5 | 102.20 | NOTE | |||
r-devel-windows-ix86+x86_64 | 3.1.5 | 22.00 | 78.00 | 100.00 | OK | |
r-patched-linux-x86_64 | 3.1.5 | 10.43 | 69.78 | 80.21 | OK | |
r-patched-solaris-x86 | 3.1.5 | 146.40 | ERROR | |||
r-release-linux-x86_64 | 3.1.5 | 10.17 | 70.42 | 80.59 | OK | |
r-release-macos-x86_64 | 3.1.5 | NOTE | ||||
r-release-windows-ix86+x86_64 | 3.1.5 | 23.00 | 87.00 | 110.00 | OK | |
r-oldrel-macos-x86_64 | 3.1.5 | ERROR | ||||
r-oldrel-windows-ix86+x86_64 | 3.1.4 | 16.00 | 73.00 | 89.00 | OK |
Version: 3.1.5
Check: data for non-ASCII characters
Result: NOTE
Note: found 44 marked UTF-8 strings
Flavors: r-devel-linux-x86_64-fedora-clang, r-devel-linux-x86_64-fedora-gcc, r-patched-solaris-x86, r-release-macos-x86_64
Version: 3.1.5
Check: examples
Result: ERROR
Running examples in ‘rfishbase-Ex.R’ failed
The error most likely occurred in:
> ### Name: available_releases
> ### Title: List available releases
> ### Aliases: available_releases
>
> ### ** Examples
>
> available_releases()
Error in gh_process_response(raw) :
GitHub API error (502):
Message: Server Error
Calls: available_releases ... <Anonymous> -> gh_process_response -> gh_error -> throw
Execution halted
Flavor: r-patched-solaris-x86
Version: 3.1.5
Check: whether package can be installed
Result: ERROR
Installation failed.
Flavor: r-oldrel-macos-x86_64