CRAN Package Check Results for Package rlas

Last updated on 2020-02-23 07:49:34 CET.

Flavor Version Tinstall Tcheck Ttotal Status Flags
r-devel-linux-x86_64-debian-clang 1.3.5 142.90 33.20 176.10 OK
r-devel-linux-x86_64-debian-gcc 1.3.5 101.26 25.80 127.06 OK
r-devel-linux-x86_64-fedora-clang 1.3.5 265.68 NOTE
r-devel-linux-x86_64-fedora-gcc 1.3.5 243.01 OK
r-devel-windows-ix86+x86_64 1.3.5 345.00 80.00 425.00 NOTE
r-devel-windows-ix86+x86_64-gcc8 1.3.5 469.00 107.00 576.00 NOTE
r-patched-linux-x86_64 1.3.5 OK
r-patched-solaris-x86 1.3.5 215.40 OK
r-release-linux-x86_64 1.3.5 118.23 29.72 147.95 OK
r-release-windows-ix86+x86_64 1.3.5 353.00 78.00 431.00 NOTE
r-release-osx-x86_64 1.3.5 NOTE
r-oldrel-windows-ix86+x86_64 1.3.5 462.00 87.00 549.00 NOTE
r-oldrel-osx-x86_64 1.3.5 NOTE

Check Details

Version: 1.3.5
Check: installed package size
Result: NOTE
     installed size is 9.3Mb
     sub-directories of 1Mb or more:
     libs 8.7Mb
Flavors: r-devel-linux-x86_64-fedora-clang, r-devel-windows-ix86+x86_64, r-devel-windows-ix86+x86_64-gcc8, r-release-windows-ix86+x86_64, r-release-osx-x86_64, r-oldrel-windows-ix86+x86_64, r-oldrel-osx-x86_64