CRAN Package Check Results for Package rlas

Last updated on 2019-09-23 13:46:29 CEST.

Flavor Version Tinstall Tcheck Ttotal Status Flags
r-devel-linux-x86_64-debian-clang 1.3.4 125.72 29.24 154.96 OK
r-devel-linux-x86_64-debian-gcc 1.3.4 105.03 23.46 128.49 OK
r-devel-linux-x86_64-fedora-clang 1.3.4 260.30 NOTE
r-devel-linux-x86_64-fedora-gcc 1.3.4 239.92 OK
r-devel-windows-ix86+x86_64 1.3.4 482.00 106.00 588.00 NOTE
r-patched-linux-x86_64 1.3.4 115.29 29.09 144.38 OK
r-patched-solaris-x86 1.3.4 214.40 OK
r-release-linux-x86_64 1.3.4 116.81 29.46 146.27 OK
r-release-windows-ix86+x86_64 1.3.4 403.00 101.00 504.00 NOTE
r-release-osx-x86_64 1.3.4 NOTE
r-oldrel-windows-ix86+x86_64 1.3.4 306.00 81.00 387.00 NOTE
r-oldrel-osx-x86_64 1.3.4 NOTE

Check Details

Version: 1.3.4
Check: installed package size
Result: NOTE
     installed size is 9.5Mb
     sub-directories of 1Mb or more:
     libs 8.8Mb
Flavors: r-devel-linux-x86_64-fedora-clang, r-devel-windows-ix86+x86_64, r-release-windows-ix86+x86_64, r-release-osx-x86_64, r-oldrel-windows-ix86+x86_64, r-oldrel-osx-x86_64