CRAN Package Check Results for Package rmcfs

Last updated on 2019-08-23 13:47:02 CEST.

Flavor Version Tinstall Tcheck Ttotal Status Flags
r-devel-linux-x86_64-debian-clang 1.3.0 9.14 169.56 178.70 OK
r-devel-linux-x86_64-debian-gcc 1.3.0 OK
r-devel-linux-x86_64-fedora-clang 1.3.0 233.70 OK
r-devel-linux-x86_64-fedora-gcc 1.3.0 207.12 OK
r-devel-windows-ix86+x86_64 1.3.0 14.00 8.00 22.00 ERROR
r-patched-linux-x86_64 1.3.0 9.22 167.17 176.39 OK
r-patched-solaris-x86 1.3.0 271.10 NOTE
r-release-linux-x86_64 1.3.0 8.59 167.75 176.34 OK
r-release-windows-ix86+x86_64 1.3.0 34.00 160.00 194.00 OK
r-release-osx-x86_64 1.3.0 OK
r-oldrel-windows-ix86+x86_64 1.3.0 20.00 159.00 179.00 OK
r-oldrel-osx-x86_64 1.3.0 OK

Check Details

Version: 1.3.0
Check: whether package can be installed
Result: ERROR
    Installation failed.
Flavor: r-devel-windows-ix86+x86_64

Version: 1.3.0
Check: installed package size
Result: NOTE
     installed size is 5.3Mb
     sub-directories of 1Mb or more:
     java 4.4Mb
Flavor: r-patched-solaris-x86