CRAN Package Check Results for Package rscorecard

Last updated on 2019-12-05 13:46:56 CET.

Flavor Version Tinstall Tcheck Ttotal Status Flags
r-devel-linux-x86_64-debian-clang 0.13.0 2.93 29.12 32.05 OK
r-devel-linux-x86_64-debian-gcc 0.13.0 2.47 22.52 24.99 OK
r-devel-linux-x86_64-fedora-clang 0.13.0 36.24 NOTE
r-devel-linux-x86_64-fedora-gcc 0.13.0 35.73 NOTE
r-devel-windows-ix86+x86_64 0.13.0 7.00 56.00 63.00 OK
r-devel-windows-ix86+x86_64-gcc8 0.13.0 7.00 63.00 70.00 OK
r-patched-linux-x86_64 0.13.0 2.36 26.50 28.86 OK
r-patched-solaris-x86 0.13.0 60.20 NOTE
r-release-linux-x86_64 0.13.0 2.36 26.63 28.99 OK
r-release-windows-ix86+x86_64 0.13.0 6.00 37.00 43.00 OK
r-release-osx-x86_64 0.13.0 NOTE
r-oldrel-windows-ix86+x86_64 0.13.0 3.00 50.00 53.00 OK
r-oldrel-osx-x86_64 0.13.0 NOTE

Check Details

Version: 0.13.0
Check: dependencies in R code
Result: NOTE
    Namespace in Imports field not imported from: ‘tidyselect’
     All declared Imports should be used.
Flavors: r-devel-linux-x86_64-fedora-clang, r-devel-linux-x86_64-fedora-gcc, r-patched-solaris-x86, r-release-osx-x86_64, r-oldrel-osx-x86_64