CRAN Package Check Results for Package rscorecard

Last updated on 2019-08-19 09:51:02 CEST.

Flavor Version Tinstall Tcheck Ttotal Status Flags
r-devel-linux-x86_64-debian-clang 0.12.0 2.78 25.92 28.70 OK
r-devel-linux-x86_64-debian-gcc 0.12.0 2.30 20.84 23.14 OK
r-devel-linux-x86_64-fedora-clang 0.12.0 36.16 NOTE
r-devel-linux-x86_64-fedora-gcc 0.12.0 34.31 NOTE
r-devel-windows-ix86+x86_64 0.12.0 9.00 48.00 57.00 OK
r-patched-linux-x86_64 0.12.0 2.47 26.13 28.60 OK
r-patched-solaris-x86 0.12.0 54.50 NOTE
r-release-linux-x86_64 0.12.0 2.55 26.25 28.80 OK
r-release-windows-ix86+x86_64 0.12.0 7.00 40.00 47.00 OK
r-release-osx-x86_64 0.12.0 NOTE
r-oldrel-windows-ix86+x86_64 0.12.0 9.00 58.00 67.00 OK
r-oldrel-osx-x86_64 0.12.0 NOTE

Check Details

Version: 0.12.0
Check: dependencies in R code
Result: NOTE
    Namespace in Imports field not imported from: ‘tidyselect’
     All declared Imports should be used.
Flavors: r-devel-linux-x86_64-fedora-clang, r-devel-linux-x86_64-fedora-gcc, r-patched-solaris-x86, r-release-osx-x86_64, r-oldrel-osx-x86_64