Last updated on 2021-04-11 06:47:12 CEST.
Flavor | Version | Tinstall | Tcheck | Ttotal | Status | Flags |
---|---|---|---|---|---|---|
r-devel-linux-x86_64-debian-clang | 0.19 | 3.71 | 32.43 | 36.14 | NOTE | |
r-devel-linux-x86_64-debian-gcc | 0.19 | 2.50 | 25.42 | 27.92 | NOTE | |
r-devel-linux-x86_64-fedora-clang | 0.19 | 52.47 | NOTE | |||
r-devel-linux-x86_64-fedora-gcc | 0.19 | 36.84 | NOTE | |||
r-devel-windows-ix86+x86_64 | 0.19 | 6.00 | 38.00 | 44.00 | NOTE | |
r-devel-windows-x86_64-gcc10-UCRT | 0.19 | NOTE | ||||
r-patched-linux-x86_64 | 0.19 | 3.88 | 31.06 | 34.94 | NOTE | |
r-patched-solaris-x86 | 0.19 | 66.60 | NOTE | |||
r-release-linux-x86_64 | 0.19 | 3.43 | 30.90 | 34.33 | NOTE | |
r-release-macos-x86_64 | 0.19 | NOTE | ||||
r-release-windows-ix86+x86_64 | 0.19 | 6.00 | 50.00 | 56.00 | NOTE | |
r-oldrel-macos-x86_64 | 0.19 | NOTE | ||||
r-oldrel-windows-ix86+x86_64 | 0.19 | 7.00 | 47.00 | 54.00 | NOTE |
Version: 0.19
Check: for GNU extensions in Makefiles
Result: NOTE
GNU make is a SystemRequirements.
Flavors: r-devel-linux-x86_64-debian-clang, r-devel-linux-x86_64-debian-gcc, r-devel-linux-x86_64-fedora-clang, r-devel-linux-x86_64-fedora-gcc, r-devel-windows-ix86+x86_64, r-devel-windows-x86_64-gcc10-UCRT, r-patched-linux-x86_64, r-patched-solaris-x86, r-release-linux-x86_64, r-release-macos-x86_64, r-release-windows-ix86+x86_64, r-oldrel-macos-x86_64, r-oldrel-windows-ix86+x86_64
Version: 0.19
Check: installed package size
Result: NOTE
installed size is 5.3Mb
sub-directories of 1Mb or more:
rmarkdown 5.1Mb
Flavors: r-devel-linux-x86_64-fedora-clang, r-patched-solaris-x86