CRAN Package Check Results for Package rtrends

Last updated on 2021-01-20 06:47:00 CET.

Flavor Version Tinstall Tcheck Ttotal Status Flags
r-devel-linux-x86_64-debian-clang 0.1.0 1.82 21.33 23.15 OK
r-devel-linux-x86_64-debian-gcc 0.1.0 1.47 17.34 18.81 OK
r-devel-linux-x86_64-fedora-clang 0.1.0 38.80 NOTE
r-devel-linux-x86_64-fedora-gcc 0.1.0 28.26 NOTE
r-devel-windows-ix86+x86_64 0.1.0 5.00 30.00 35.00 OK
r-patched-linux-x86_64 0.1.0 1.87 21.43 23.30 OK
r-patched-solaris-x86 0.1.0 42.60 NOTE
r-release-linux-x86_64 0.1.0 1.85 21.62 23.47 OK
r-release-macos-x86_64 0.1.0 NOTE
r-release-windows-ix86+x86_64 0.1.0 4.00 40.00 44.00 OK
r-oldrel-macos-x86_64 0.1.0 NOTE
r-oldrel-windows-ix86+x86_64 0.1.0 3.00 25.00 28.00 OK

Check Details

Version: 0.1.0
Check: dependencies in R code
Result: NOTE
    Namespace in Imports field not imported from: ‘dplyr’
     All declared Imports should be used.
Flavors: r-devel-linux-x86_64-fedora-clang, r-devel-linux-x86_64-fedora-gcc, r-patched-solaris-x86, r-release-macos-x86_64, r-oldrel-macos-x86_64