CRAN Package Check Results for Package rwebstat

Last updated on 2020-10-01 13:49:22 CEST.

Flavor Version Tinstall Tcheck Ttotal Status Flags
r-devel-linux-x86_64-debian-clang 1.1.0 4.77 43.36 48.13 OK
r-devel-linux-x86_64-debian-gcc 1.1.0 3.93 34.00 37.93 OK
r-devel-linux-x86_64-fedora-clang 1.1.0 66.52 NOTE
r-devel-linux-x86_64-fedora-gcc 1.1.0 59.46 NOTE
r-devel-windows-ix86+x86_64 1.1.0 11.00 48.00 59.00 OK
r-patched-linux-x86_64 1.1.0 4.36 41.29 45.65 OK
r-patched-solaris-x86 1.1.0 93.50 NOTE
r-release-linux-x86_64 1.1.0 5.10 40.76 45.86 OK
r-release-macos-x86_64 1.1.0 NOTE
r-release-windows-ix86+x86_64 1.1.0 13.00 68.00 81.00 OK
r-oldrel-macos-x86_64 1.1.0 NOTE
r-oldrel-windows-ix86+x86_64 1.1.0 10.00 61.00 71.00 OK

Check Details

Version: 1.1.0
Check: dependencies in R code
Result: NOTE
    Namespace in Imports field not imported from: ‘htmltools’
     All declared Imports should be used.
Flavors: r-devel-linux-x86_64-fedora-clang, r-devel-linux-x86_64-fedora-gcc, r-patched-solaris-x86, r-release-macos-x86_64, r-oldrel-macos-x86_64