Last updated on 2021-04-13 06:47:03 CEST.
Flavor | Version | Tinstall | Tcheck | Ttotal | Status | Flags |
---|---|---|---|---|---|---|
r-devel-linux-x86_64-debian-clang | 1.0.4 | 487.64 | 45.67 | 533.31 | OK | |
r-devel-linux-x86_64-debian-gcc | 1.0.4 | 335.71 | 34.78 | 370.49 | OK | |
r-devel-linux-x86_64-fedora-clang | 1.0.4 | 781.29 | NOTE | |||
r-devel-linux-x86_64-fedora-gcc | 1.0.4 | 729.58 | OK | |||
r-devel-windows-ix86+x86_64 | 1.0.4 | 981.00 | 143.00 | 1124.00 | NOTE | |
r-devel-windows-x86_64-gcc10-UCRT | 1.0.4 | OK | ||||
r-patched-linux-x86_64 | 1.0.4 | 412.43 | 43.74 | 456.17 | OK | |
r-patched-solaris-x86 | 1.0.4 | 600.40 | NOTE | |||
r-release-linux-x86_64 | 1.0.4 | 413.22 | 43.66 | 456.88 | OK | |
r-release-macos-x86_64 | 1.0.4 | NOTE | ||||
r-release-windows-ix86+x86_64 | 1.0.4 | 893.00 | 140.00 | 1033.00 | NOTE | |
r-oldrel-macos-x86_64 | 1.0.4 | NOTE | ||||
r-oldrel-windows-ix86+x86_64 | 1.0.4 | 1041.00 | 106.00 | 1147.00 | NOTE |
Version: 1.0.4
Check: installed package size
Result: NOTE
installed size is 36.6Mb
sub-directories of 1Mb or more:
include 2.5Mb
libs 33.0Mb
Flavors: r-devel-linux-x86_64-fedora-clang, r-devel-windows-ix86+x86_64, r-patched-solaris-x86, r-release-macos-x86_64, r-release-windows-ix86+x86_64, r-oldrel-macos-x86_64, r-oldrel-windows-ix86+x86_64