CRAN Package Check Results for Package sBIC

Last updated on 2019-08-25 07:46:26 CEST.

Flavor Version Tinstall Tcheck Ttotal Status Flags
r-devel-linux-x86_64-debian-clang 0.2.0 18.83 164.10 182.93 OK
r-devel-linux-x86_64-debian-gcc 0.2.0 15.09 123.93 139.02 OK
r-devel-linux-x86_64-fedora-clang 0.2.0 218.18 NOTE
r-devel-linux-x86_64-fedora-gcc 0.2.0 210.22 NOTE
r-devel-windows-ix86+x86_64 0.2.0 32.00 242.00 274.00 OK
r-patched-linux-x86_64 0.2.0 18.15 162.66 180.81 OK
r-patched-solaris-x86 0.2.0 277.60 OK
r-release-linux-x86_64 0.2.0 16.73 161.02 177.75 OK
r-release-windows-ix86+x86_64 0.2.0 43.00 244.00 287.00 OK
r-release-osx-x86_64 0.2.0 OK
r-oldrel-windows-ix86+x86_64 0.2.0 41.00 240.00 281.00 OK
r-oldrel-osx-x86_64 0.2.0 OK

Check Details

Version: 0.2.0
Check: compiled code
Result: NOTE
    File ‘sBIC/libs/sBIC.so’:
     Found no calls to: ‘R_registerRoutines’, ‘R_useDynamicSymbols’
    
    It is good practice to register native routines and to disable symbol
    search.
    
    See ‘Writing portable packages’ in the ‘Writing R Extensions’ manual.
Flavors: r-devel-linux-x86_64-fedora-clang, r-devel-linux-x86_64-fedora-gcc