Last updated on 2021-01-17 06:47:03 CET.
Flavor | Version | Tinstall | Tcheck | Ttotal | Status | Flags |
---|---|---|---|---|---|---|
r-devel-linux-x86_64-debian-clang | 0.10.0 | 20.12 | 183.04 | 203.16 | OK | |
r-devel-linux-x86_64-debian-gcc | 0.10.0 | 15.92 | 136.80 | 152.72 | OK | |
r-devel-linux-x86_64-fedora-clang | 0.10.0 | 250.20 | NOTE | |||
r-devel-linux-x86_64-fedora-gcc | 0.10.0 | 239.15 | OK | |||
r-devel-windows-ix86+x86_64 | 0.10.0 | 33.00 | 184.00 | 217.00 | OK | |
r-patched-linux-x86_64 | 0.10.0 | 17.90 | 170.27 | 188.17 | OK | |
r-patched-solaris-x86 | 0.10.0 | 380.10 | OK | |||
r-release-linux-x86_64 | 0.10.0 | 18.50 | 170.11 | 188.61 | OK | |
r-release-macos-x86_64 | 0.10.0 | OK | ||||
r-release-windows-ix86+x86_64 | 0.10.0 | 37.00 | 167.00 | 204.00 | OK | |
r-oldrel-macos-x86_64 | 0.10.0 | OK | ||||
r-oldrel-windows-ix86+x86_64 | 0.10.0 | 37.00 | 159.00 | 196.00 | OK |
Version: 0.10.0
Check: Rd cross-references
Result: NOTE
Undeclared packages ‘magrittr’, ‘rlang’ in Rd xrefs
Flavor: r-devel-linux-x86_64-fedora-clang