CRAN Package Check Results for Package scRNAtools

Last updated on 2019-12-06 08:55:04 CET.

Flavor Version Tinstall Tcheck Ttotal Status Flags
r-devel-linux-x86_64-debian-clang 1.0 14.78 136.94 151.72 NOTE
r-devel-linux-x86_64-debian-gcc 1.0 13.26 108.29 121.55 NOTE
r-devel-linux-x86_64-fedora-clang 1.0 170.10 NOTE
r-devel-linux-x86_64-fedora-gcc 1.0 168.20 NOTE
r-devel-windows-ix86+x86_64 1.0 37.00 191.00 228.00 OK
r-devel-windows-ix86+x86_64-gcc8 1.0 38.00 221.00 259.00 OK
r-patched-linux-x86_64 1.0 13.36 122.50 135.86 OK
r-patched-solaris-x86 1.0 266.30 OK
r-release-linux-x86_64 1.0 12.61 120.72 133.33 OK
r-release-windows-ix86+x86_64 1.0 33.00 129.00 162.00 OK
r-release-osx-x86_64 1.0 ERROR
r-oldrel-windows-ix86+x86_64 1.0 20.00 183.00 203.00 OK
r-oldrel-osx-x86_64 1.0 ERROR

Check Details

Version: 1.0
Check: for non-standard things in the check directory
Result: NOTE
    Found the following files/directories:
     'untitled_consensus_cluster'
Flavors: r-devel-linux-x86_64-debian-clang, r-devel-linux-x86_64-debian-gcc, r-devel-linux-x86_64-fedora-clang, r-devel-linux-x86_64-fedora-gcc

Version: 1.0
Check: package dependencies
Result: ERROR
    Packages required but not available: 'ALL', 'ConsensusClusterPlus'
    
    See section ‘The DESCRIPTION file’ in the ‘Writing R Extensions’
    manual.
Flavor: r-release-osx-x86_64

Version: 1.0
Check: package dependencies
Result: ERROR
    Package required but not available: ‘ConsensusClusterPlus’
    
    See section ‘The DESCRIPTION file’ in the ‘Writing R Extensions’
    manual.
Flavor: r-oldrel-osx-x86_64