CRAN Package Check Results for Package scRNAtools

Last updated on 2019-08-18 13:46:22 CEST.

Flavor Version Tinstall Tcheck Ttotal Status Flags
r-devel-linux-x86_64-debian-clang 1.0 14.16 122.93 137.09 NOTE
r-devel-linux-x86_64-debian-gcc 1.0 11.60 95.67 107.27 NOTE
r-devel-linux-x86_64-fedora-clang 1.0 159.66 NOTE
r-devel-linux-x86_64-fedora-gcc 1.0 159.90 NOTE
r-devel-windows-ix86+x86_64 1.0 44.00 151.00 195.00 OK
r-patched-linux-x86_64 1.0 13.81 120.03 133.84 OK
r-patched-solaris-x86 1.0 223.90 OK
r-release-linux-x86_64 1.0 12.93 118.47 131.40 OK
r-release-windows-ix86+x86_64 1.0 27.00 134.00 161.00 OK
r-release-osx-x86_64 1.0 ERROR
r-oldrel-windows-ix86+x86_64 1.0 23.00 122.00 145.00 OK
r-oldrel-osx-x86_64 1.0 ERROR

Check Details

Version: 1.0
Check: for non-standard things in the check directory
Result: NOTE
    Found the following files/directories:
     'untitled_consensus_cluster'
Flavors: r-devel-linux-x86_64-debian-clang, r-devel-linux-x86_64-debian-gcc, r-devel-linux-x86_64-fedora-clang, r-devel-linux-x86_64-fedora-gcc

Version: 1.0
Check: package dependencies
Result: ERROR
    Packages required but not available:
     'ALL', 'ConsensusClusterPlus', 'limma', 'edgeR'
    
    See section ‘The DESCRIPTION file’ in the ‘Writing R Extensions’
    manual.
Flavor: r-release-osx-x86_64

Version: 1.0
Check: package dependencies
Result: ERROR
    Package required but not available: ‘ConsensusClusterPlus’
    
    See section ‘The DESCRIPTION file’ in the ‘Writing R Extensions’
    manual.
Flavor: r-oldrel-osx-x86_64