CRAN Package Check Results for Package scgwr

Last updated on 2019-08-19 09:51:03 CEST.

Flavor Version Tinstall Tcheck Ttotal Status Flags
r-devel-linux-x86_64-debian-clang 0.1.0 3.55 34.43 37.98 OK
r-devel-linux-x86_64-debian-gcc 0.1.0 3.03 27.10 30.13 OK
r-devel-linux-x86_64-fedora-clang 0.1.0 45.30 NOTE
r-devel-linux-x86_64-fedora-gcc 0.1.0 44.22 NOTE
r-devel-windows-ix86+x86_64 0.1.0 13.00 51.00 64.00 OK
r-patched-linux-x86_64 0.1.0 3.58 33.09 36.67 OK
r-patched-solaris-x86 0.1.0 72.00 NOTE
r-release-linux-x86_64 0.1.0 3.55 33.16 36.71 OK
r-release-windows-ix86+x86_64 0.1.0 9.00 44.00 53.00 OK
r-release-osx-x86_64 0.1.0 NOTE
r-oldrel-windows-ix86+x86_64 0.1.0 10.00 61.00 71.00 OK
r-oldrel-osx-x86_64 0.1.0 NOTE

Check Details

Version: 0.1.0
Check: dependencies in R code
Result: NOTE
    Namespace in Imports field not imported from: ‘spData’
     All declared Imports should be used.
Flavors: r-devel-linux-x86_64-fedora-clang, r-devel-linux-x86_64-fedora-gcc, r-patched-solaris-x86, r-release-osx-x86_64, r-oldrel-osx-x86_64