CRAN Package Check Results for Package schrute

Last updated on 2021-01-17 06:47:03 CET.

Flavor Version Tinstall Tcheck Ttotal Status Flags
r-devel-linux-x86_64-debian-clang 0.2.2 4.40 31.85 36.25 OK
r-devel-linux-x86_64-debian-gcc 0.2.2 3.98 26.27 30.25 OK
r-devel-linux-x86_64-fedora-clang 0.2.2 53.98 NOTE
r-devel-linux-x86_64-fedora-gcc 0.2.2 45.60 NOTE
r-devel-windows-ix86+x86_64 0.2.2 7.00 43.00 50.00 OK
r-patched-linux-x86_64 0.2.2 4.52 31.14 35.66 OK
r-patched-solaris-x86 0.2.2 68.80 NOTE
r-release-linux-x86_64 0.2.2 3.85 31.74 35.59 OK
r-release-macos-x86_64 0.2.2 NOTE
r-release-windows-ix86+x86_64 0.2.2 8.00 41.00 49.00 OK
r-oldrel-macos-x86_64 0.2.2 NOTE
r-oldrel-windows-ix86+x86_64 0.2.2 7.00 50.00 57.00 OK

Check Details

Version: 0.2.2
Check: dependencies in R code
Result: NOTE
    Namespaces in Imports field not imported from:
     ‘dplyr’ ‘ggplot2’ ‘stringi’ ‘stringr’ ‘tibble’ ‘tidyr’ ‘tidytext’
     All declared Imports should be used.
Flavors: r-devel-linux-x86_64-fedora-clang, r-devel-linux-x86_64-fedora-gcc, r-patched-solaris-x86, r-release-macos-x86_64, r-oldrel-macos-x86_64

Version: 0.2.2
Check: data for non-ASCII characters
Result: NOTE
     Note: found 464 marked UTF-8 strings
Flavors: r-devel-linux-x86_64-fedora-clang, r-devel-linux-x86_64-fedora-gcc, r-patched-solaris-x86, r-release-macos-x86_64, r-oldrel-macos-x86_64