CRAN Package Check Results for Package sdStaf

Last updated on 2019-10-15 13:47:06 CEST.

Flavor Version Tinstall Tcheck Ttotal Status Flags
r-devel-linux-x86_64-debian-clang 1.0.2 13.21 101.26 114.47 OK
r-devel-linux-x86_64-debian-gcc 1.0.2 10.96 77.98 88.94 OK
r-devel-linux-x86_64-fedora-clang 1.0.2 141.38 NOTE
r-devel-linux-x86_64-fedora-gcc 1.0.2 137.33 NOTE
r-devel-windows-ix86+x86_64 1.0.2 22.00 150.00 172.00 OK
r-patched-linux-x86_64 1.0.2 12.97 97.37 110.34 OK
r-patched-solaris-x86 1.0.2 200.20 NOTE
r-release-linux-x86_64 1.0.2 10.46 95.87 106.33 OK
r-release-windows-ix86+x86_64 1.0.2 31.00 105.00 136.00 OK
r-release-osx-x86_64 1.0.2 NOTE
r-oldrel-windows-ix86+x86_64 1.0.2 14.00 102.00 116.00 OK
r-oldrel-osx-x86_64 1.0.2 NOTE

Check Details

Version: 1.0.2
Check: dependencies in R code
Result: NOTE
    Namespaces in Imports field not imported from:
     ‘rgdal’ ‘rgeos’ ‘tidyr’
     All declared Imports should be used.
Flavors: r-devel-linux-x86_64-fedora-clang, r-devel-linux-x86_64-fedora-gcc, r-patched-solaris-x86, r-release-osx-x86_64, r-oldrel-osx-x86_64