CRAN Package Check Results for Package sdmvspecies

Last updated on 2020-02-22 13:47:08 CET.

Flavor Version Tinstall Tcheck Ttotal Status Flags
r-devel-linux-x86_64-debian-clang 0.3.2 9.49 127.84 137.33 OK
r-devel-linux-x86_64-debian-gcc 0.3.2 7.62 103.36 110.98 OK
r-devel-linux-x86_64-fedora-clang 0.3.2 162.59 OK
r-devel-linux-x86_64-fedora-gcc 0.3.2 165.92 OK
r-devel-windows-ix86+x86_64 0.3.2 18.00 101.00 119.00 OK
r-devel-windows-ix86+x86_64-gcc8 0.3.2 25.00 106.00 131.00 OK
r-patched-linux-x86_64 0.3.2 OK
r-patched-solaris-x86 0.3.2 172.10 OK
r-release-linux-x86_64 0.3.2 8.20 116.12 124.32 OK
r-release-windows-ix86+x86_64 0.3.2 14.00 103.00 117.00 OK
r-release-osx-x86_64 0.3.2 WARN
r-oldrel-windows-ix86+x86_64 0.3.2 14.00 100.00 114.00 OK
r-oldrel-osx-x86_64 0.3.2 WARN

Check Details

Version: 0.3.2
Check: for executable files
Result: WARN
    Found the following executable file:
     inst/external/env/bio14.bil
    Source packages should not contain undeclared executable files.
    See section ‘Package structure’ in the ‘Writing R Extensions’ manual.
Flavors: r-release-osx-x86_64, r-oldrel-osx-x86_64