CRAN Package Check Results for Package sdmvspecies

Last updated on 2019-09-23 13:46:30 CEST.

Flavor Version Tinstall Tcheck Ttotal Status Flags
r-devel-linux-x86_64-debian-clang 0.3.2 7.72 116.66 124.38 OK
r-devel-linux-x86_64-debian-gcc 0.3.2 6.87 93.76 100.63 OK
r-devel-linux-x86_64-fedora-clang 0.3.2 151.20 OK
r-devel-linux-x86_64-fedora-gcc 0.3.2 153.09 OK
r-devel-windows-ix86+x86_64 0.3.2 30.00 131.00 161.00 OK
r-patched-linux-x86_64 0.3.2 8.08 113.49 121.57 OK
r-patched-solaris-x86 0.3.2 167.10 OK
r-release-linux-x86_64 0.3.2 7.18 112.87 120.05 OK
r-release-windows-ix86+x86_64 0.3.2 29.00 138.00 167.00 OK
r-release-osx-x86_64 0.3.2 WARN
r-oldrel-windows-ix86+x86_64 0.3.2 10.00 96.00 106.00 OK
r-oldrel-osx-x86_64 0.3.2 WARN

Check Details

Version: 0.3.2
Check: for executable files
Result: WARN
    Found the following executable file:
     inst/external/env/bio14.bil
    Source packages should not contain undeclared executable files.
    See section ‘Package structure’ in the ‘Writing R Extensions’ manual.
Flavors: r-release-osx-x86_64, r-oldrel-osx-x86_64