CRAN Package Check Results for Package secrettext

Last updated on 2021-01-20 06:47:00 CET.

Flavor Version Tinstall Tcheck Ttotal Status Flags
r-devel-linux-x86_64-debian-clang 0.1.0 3.88 41.10 44.98 OK
r-devel-linux-x86_64-debian-gcc 0.1.0 2.74 31.64 34.38 OK
r-devel-linux-x86_64-fedora-clang 0.1.0 61.56 NOTE
r-devel-linux-x86_64-fedora-gcc 0.1.0 52.75 NOTE
r-devel-windows-ix86+x86_64 0.1.0 7.00 47.00 54.00 OK
r-patched-linux-x86_64 0.1.0 3.50 38.99 42.49 OK
r-patched-solaris-x86 0.1.0 72.70 NOTE
r-release-linux-x86_64 0.1.0 3.99 39.02 43.01 OK
r-release-macos-x86_64 0.1.0 NOTE
r-release-windows-ix86+x86_64 0.1.0 8.00 61.00 69.00 OK
r-oldrel-macos-x86_64 0.1.0 NOTE
r-oldrel-windows-ix86+x86_64 0.1.0 7.00 40.00 47.00 OK

Check Details

Version: 0.1.0
Check: dependencies in R code
Result: NOTE
    Namespace in Imports field not imported from: ‘testthat’
     All declared Imports should be used.
Flavors: r-devel-linux-x86_64-fedora-clang, r-devel-linux-x86_64-fedora-gcc, r-patched-solaris-x86, r-release-macos-x86_64, r-oldrel-macos-x86_64