CRAN Package Check Results for Package seriation

Last updated on 2020-02-21 13:47:51 CET.

Flavor Version Tinstall Tcheck Ttotal Status Flags
r-devel-linux-x86_64-debian-clang 1.2-8 14.94 96.46 111.40 OK
r-devel-linux-x86_64-debian-gcc 1.2-8 10.47 74.34 84.81 OK
r-devel-linux-x86_64-fedora-clang 1.2-8 131.03 WARN
r-devel-linux-x86_64-fedora-gcc 1.2-8 120.03 OK
r-devel-windows-ix86+x86_64 1.2-8 34.00 146.00 180.00 OK
r-devel-windows-ix86+x86_64-gcc8 1.2-8 50.00 150.00 200.00 OK
r-patched-linux-x86_64 1.2-8 12.31 87.28 99.59 OK
r-patched-solaris-x86 1.2-8 172.00 OK
r-release-linux-x86_64 1.2-8 13.11 86.54 99.65 OK
r-release-windows-ix86+x86_64 1.2-8 33.00 152.00 185.00 OK
r-release-osx-x86_64 1.2-8 OK
r-oldrel-windows-ix86+x86_64 1.2-8 30.00 129.00 159.00 OK
r-oldrel-osx-x86_64 1.2-8 OK

Check Details

Version: 1.2-8
Check: package dependencies
Result: WARN
    Requires orphaned package: ‘gplots’
Flavor: r-devel-linux-x86_64-fedora-clang