CRAN Package Check Results for Package shiny.semantic

Last updated on 2021-01-17 06:47:03 CET.

Flavor Version Tinstall Tcheck Ttotal Status Flags
r-devel-linux-x86_64-debian-clang 0.4.2 6.85 50.44 57.29 OK
r-devel-linux-x86_64-debian-gcc 0.4.2 5.58 39.67 45.25 OK
r-devel-linux-x86_64-fedora-clang 0.4.2 79.52 NOTE
r-devel-linux-x86_64-fedora-gcc 0.4.2 69.89 OK
r-devel-windows-ix86+x86_64 0.4.2 12.00 66.00 78.00 NOTE
r-patched-linux-x86_64 0.4.2 6.54 48.35 54.89 OK
r-patched-solaris-x86 0.4.2 102.00 NOTE
r-release-linux-x86_64 0.4.2 7.00 48.40 55.40 OK
r-release-macos-x86_64 0.4.2 NOTE
r-release-windows-ix86+x86_64 0.4.2 15.00 80.00 95.00 NOTE
r-oldrel-macos-x86_64 0.4.2 NOTE
r-oldrel-windows-ix86+x86_64 0.4.0 10.00 60.00 70.00 NOTE

Check Details

Version: 0.4.2
Check: installed package size
Result: NOTE
     installed size is 10.9Mb
     sub-directories of 1Mb or more:
     help 2.5Mb
     www 8.1Mb
Flavors: r-devel-linux-x86_64-fedora-clang, r-devel-windows-ix86+x86_64, r-patched-solaris-x86, r-release-macos-x86_64, r-release-windows-ix86+x86_64, r-oldrel-macos-x86_64

Version: 0.4.0
Check: installed package size
Result: NOTE
     installed size is 10.7Mb
     sub-directories of 1Mb or more:
     help 2.5Mb
     www 8.0Mb
Flavor: r-oldrel-windows-ix86+x86_64