CRAN Package Check Results for Package shinyaframe

Last updated on 2021-01-24 07:50:59 CET.

Flavor Version Tinstall Tcheck Ttotal Status Flags
r-devel-linux-x86_64-debian-clang 1.0.1 2.05 23.62 25.67 OK
r-devel-linux-x86_64-debian-gcc 1.0.1 1.65 18.78 20.43 OK
r-devel-linux-x86_64-fedora-clang 1.0.1 39.71 NOTE
r-devel-linux-x86_64-fedora-gcc 1.0.1 30.76 NOTE
r-devel-windows-ix86+x86_64 1.0.1 6.00 30.00 36.00 OK
r-patched-linux-x86_64 1.0.1 2.01 22.86 24.87 OK
r-patched-solaris-x86 1.0.1 46.60 NOTE
r-release-linux-x86_64 1.0.1 1.86 23.23 25.09 OK
r-release-macos-x86_64 1.0.1 NOTE
r-release-windows-ix86+x86_64 1.0.1 31.00 46.00 77.00 OK
r-oldrel-macos-x86_64 1.0.1 NOTE
r-oldrel-windows-ix86+x86_64 1.0.1 3.00 44.00 47.00 OK

Check Details

Version: 1.0.1
Check: dependencies in R code
Result: NOTE
    Namespace in Imports field not imported from: ‘shiny’
     All declared Imports should be used.
Flavors: r-devel-linux-x86_64-fedora-clang, r-devel-linux-x86_64-fedora-gcc, r-patched-solaris-x86, r-release-macos-x86_64, r-oldrel-macos-x86_64