Last updated on 2021-01-17 06:47:03 CET.
Flavor | Version | Tinstall | Tcheck | Ttotal | Status | Flags |
---|---|---|---|---|---|---|
r-devel-linux-x86_64-debian-clang | 0.2.6 | 13.93 | 133.20 | 147.13 | OK | |
r-devel-linux-x86_64-debian-gcc | 0.2.6 | 13.03 | 104.11 | 117.14 | OK | |
r-devel-linux-x86_64-fedora-clang | 0.2.6 | 192.13 | NOTE | |||
r-devel-linux-x86_64-fedora-gcc | 0.2.6 | 174.87 | NOTE | |||
r-devel-windows-ix86+x86_64 | 0.2.6 | 25.00 | 140.00 | 165.00 | OK | |
r-patched-linux-x86_64 | 0.2.6 | 14.23 | 128.56 | 142.79 | OK | |
r-patched-solaris-x86 | 0.2.6 | 274.40 | NOTE | |||
r-release-linux-x86_64 | 0.2.6 | 13.45 | 128.16 | 141.61 | OK | |
r-release-macos-x86_64 | 0.2.6 | NOTE | ||||
r-release-windows-ix86+x86_64 | 0.2.6 | 30.00 | 129.00 | 159.00 | OK | |
r-oldrel-macos-x86_64 | 0.2.6 | NOTE | ||||
r-oldrel-windows-ix86+x86_64 | 0.2.6 | 32.00 | 123.00 | 155.00 | OK |
Version: 0.2.6
Check: dependencies in R code
Result: NOTE
Namespaces in Imports field not imported from:
‘e1071’ ‘knitr’ ‘plotly’
All declared Imports should be used.
Flavors: r-devel-linux-x86_64-fedora-clang, r-devel-linux-x86_64-fedora-gcc, r-patched-solaris-x86, r-release-macos-x86_64, r-oldrel-macos-x86_64