CRAN Package Check Results for Package sicegar

Last updated on 2021-01-27 06:48:35 CET.

Flavor Version Tinstall Tcheck Ttotal Status Flags
r-devel-linux-x86_64-debian-clang 0.2.3 3.87 94.08 97.95 OK
r-devel-linux-x86_64-debian-gcc 0.2.3 3.04 69.48 72.52 OK
r-devel-linux-x86_64-fedora-clang 0.2.3 120.43 NOTE
r-devel-linux-x86_64-fedora-gcc 0.2.3 118.60 NOTE
r-devel-windows-ix86+x86_64 0.2.3 8.00 128.00 136.00 OK
r-patched-linux-x86_64 0.2.3 3.35 102.75 106.10 OK
r-patched-solaris-x86 0.2.3 165.50 NOTE
r-release-linux-x86_64 0.2.3 3.12 102.77 105.89 OK
r-release-macos-x86_64 0.2.3 NOTE
r-release-windows-ix86+x86_64 0.2.3 8.00 104.00 112.00 OK
r-oldrel-macos-x86_64 0.2.3 NOTE
r-oldrel-windows-ix86+x86_64 0.2.3 5.00 129.00 134.00 OK

Check Details

Version: 0.2.3
Check: dependencies in R code
Result: NOTE
    Namespace in Imports field not imported from: ‘dplyr’
     All declared Imports should be used.
Flavors: r-devel-linux-x86_64-fedora-clang, r-devel-linux-x86_64-fedora-gcc, r-patched-solaris-x86, r-release-macos-x86_64, r-oldrel-macos-x86_64