CRAN Package Check Results for Package simSummary

Last updated on 2020-10-01 13:49:23 CEST.

Flavor Version Tinstall Tcheck Ttotal Status Flags
r-devel-linux-x86_64-debian-clang 0.1.0 2.33 27.77 30.10 NOTE
r-devel-linux-x86_64-debian-gcc 0.1.0 1.91 22.22 24.13 NOTE
r-devel-linux-x86_64-fedora-clang 0.1.0 48.07 NOTE
r-devel-linux-x86_64-fedora-gcc 0.1.0 38.01 NOTE
r-devel-windows-ix86+x86_64 0.1.0 5.00 40.00 45.00 NOTE
r-patched-linux-x86_64 0.1.0 2.11 27.26 29.37 NOTE
r-patched-solaris-x86 0.1.0 53.80 NOTE
r-release-linux-x86_64 0.1.0 2.29 27.25 29.54 NOTE
r-release-macos-x86_64 0.1.0 NOTE
r-release-windows-ix86+x86_64 0.1.0 15.00 51.00 66.00 NOTE
r-oldrel-macos-x86_64 0.1.0 NOTE
r-oldrel-windows-ix86+x86_64 0.1.0 4.00 53.00 57.00 NOTE

Check Details

Version: 0.1.0
Check: for hidden files and directories
Result: NOTE
    Found the following hidden files and directories:
     vignettes/.Rhistory
    These were most likely included in error. See section 'Package
    structure' in the 'Writing R Extensions' manual.
Flavors: r-devel-linux-x86_64-debian-clang, r-devel-linux-x86_64-debian-gcc, r-devel-linux-x86_64-fedora-clang, r-devel-linux-x86_64-fedora-gcc, r-devel-windows-ix86+x86_64, r-patched-linux-x86_64, r-patched-solaris-x86, r-release-linux-x86_64, r-release-macos-x86_64, r-release-windows-ix86+x86_64, r-oldrel-macos-x86_64, r-oldrel-windows-ix86+x86_64

Version: 0.1.0
Check: dependencies in R code
Result: NOTE
    Packages in Depends field not imported from:
     'abind' 'svUnit'
     These packages need to be imported from (in the NAMESPACE file)
     for when this namespace is loaded but not attached.
Flavors: r-devel-linux-x86_64-debian-clang, r-devel-linux-x86_64-debian-gcc, r-devel-linux-x86_64-fedora-clang, r-devel-linux-x86_64-fedora-gcc, r-devel-windows-ix86+x86_64, r-patched-linux-x86_64, r-patched-solaris-x86, r-release-linux-x86_64, r-release-macos-x86_64, r-release-windows-ix86+x86_64, r-oldrel-macos-x86_64, r-oldrel-windows-ix86+x86_64

Version: 0.1.0
Check: R code for possible problems
Result: NOTE
    simSummary: no visible global function definition for 'abind'
    simSummary_unitTests: no visible global function definition for
     'clearLog'
    simSummary_unitTests: no visible global function definition for
     'runTest'
    simSummary_unitTests: no visible global function definition for
     'svSuite'
    simSummary_unitTests: no visible global function definition for 'Log'
    simSummary_unitTests: no visible global function definition for 'stats'
    simSummary_unitTests: no visible global function definition for
     'metadata'
    simSummary_unitTests: no visible global function definition for
     'errorLog'
    Undefined global functions or variables:
     Log abind clearLog errorLog metadata runTest stats svSuite
Flavors: r-devel-linux-x86_64-debian-clang, r-devel-linux-x86_64-debian-gcc, r-devel-linux-x86_64-fedora-clang, r-devel-linux-x86_64-fedora-gcc, r-devel-windows-ix86+x86_64, r-patched-linux-x86_64, r-patched-solaris-x86, r-release-linux-x86_64, r-release-macos-x86_64, r-release-windows-ix86+x86_64, r-oldrel-macos-x86_64, r-oldrel-windows-ix86+x86_64