Last updated on 2021-01-18 06:46:49 CET.
Flavor | Version | Tinstall | Tcheck | Ttotal | Status | Flags |
---|---|---|---|---|---|---|
r-devel-linux-x86_64-debian-clang | 0.1.0 | 4.69 | 140.15 | 144.84 | OK | |
r-devel-linux-x86_64-debian-gcc | 0.1.0 | 3.74 | 105.77 | 109.51 | OK | |
r-devel-linux-x86_64-fedora-clang | 0.1.0 | 173.56 | NOTE | |||
r-devel-linux-x86_64-fedora-gcc | 0.1.0 | 159.69 | NOTE | |||
r-devel-windows-ix86+x86_64 | 0.1.0 | 8.00 | 222.00 | 230.00 | OK | |
r-patched-linux-x86_64 | 0.1.0 | 4.65 | 136.57 | 141.22 | OK | |
r-patched-solaris-x86 | 0.1.0 | 459.50 | NOTE | |||
r-release-linux-x86_64 | 0.1.0 | 5.12 | 137.69 | 142.81 | OK | |
r-release-macos-x86_64 | 0.1.0 | NOTE | ||||
r-release-windows-ix86+x86_64 | 0.1.0 | 9.00 | 205.00 | 214.00 | OK | |
r-oldrel-macos-x86_64 | 0.1.0 | NOTE | ||||
r-oldrel-windows-ix86+x86_64 | 0.1.0 | 8.00 | 181.00 | 189.00 | OK |
Version: 0.1.0
Check: dependencies in R code
Result: NOTE
Namespaces in Imports field not imported from:
‘future’ ‘magrittr’ ‘purrr’ ‘rlang’ ‘utils’
All declared Imports should be used.
Flavors: r-devel-linux-x86_64-fedora-clang, r-devel-linux-x86_64-fedora-gcc, r-patched-solaris-x86, r-release-macos-x86_64, r-oldrel-macos-x86_64